000
CDUS44 KLZK 200636
CLILIT


CLIMATE REPORT
NATIONAL WEATHER SERVICE LITTLE ROCK AR
135 AM CDT SUN MAY 20 2018


...................................

...THE LITTLE ROCK ADAMS FIELD CLIMATE SUMMARY FOR MAY 19 2018...

CLIMATE NORMAL PERIOD 1981 TO 2010
CLIMATE RECORD PERIOD 1874 TO 2018


WEATHER ITEM   OBSERVED TIME   RECORD YEAR NORMAL DEPARTURE LAST
                VALUE   (LST)  VALUE       VALUE  FROM      YEAR
                                                  NORMAL
..................................................................
TEMPERATURE (F)
 YESTERDAY
  MAXIMUM         92    339 PM  95    1998  82     10       87
  MINIMUM         68    434 AM  45    2002  62      6       65
                                      1976
  AVERAGE         80                        72      8       76

PRECIPITATION (IN)
  YESTERDAY        0.00          2.23 1928   0.14  -0.14     0.11
  MONTH TO DATE    0.41                      3.19  -2.78     3.43
  SINCE MAR 1     10.23                     13.01  -2.78    17.43
  SINCE JAN 1     26.49                     20.22   6.27    22.43

SNOWFALL (IN)
  YESTERDAY        0.0          MM      MM   0.0    0.0      0.0
  MONTH TO DATE    0.0                       0.0    0.0      0.0
  SINCE MAR 1      T                         0.4   -0.4      0.0
  SINCE JUL 1      1.7                       3.5   -1.8      0.2
  SNOW DEPTH       0

DEGREE DAYS
 HEATING
  YESTERDAY        0                         0      0        0
  MONTH TO DATE    0                        18    -18       24
  SINCE MAR 1    553                       537     16      378
  SINCE JUL 1   3078                      3050     28     2292

 COOLING
  YESTERDAY       15                         7      8       11
  MONTH TO DATE  198                       100     98       82
  SINCE MAR 1    225                       170     55      177
  SINCE JAN 1    234                       172     62      189
..................................................................


WIND (MPH)
  HIGHEST WIND SPEED    16   HIGHEST WIND DIRECTION     S (180)
  HIGHEST GUST SPEED    22   HIGHEST GUST DIRECTION    SW (230)
  AVERAGE WIND SPEED     6.0


SKY COVER
  POSSIBLE SUNSHINE  MM
  AVERAGE SKY COVER 0.4


WEATHER CONDITIONS
 THE FOLLOWING WEATHER WAS RECORDED YESTERDAY.
  NO SIGNIFICANT WEATHER WAS OBSERVED.


RELATIVE HUMIDITY (PERCENT)
 HIGHEST   100           300 AM
 LOWEST     38           300 PM
 AVERAGE    69

..........................................................


THE LITTLE ROCK ADAMS FIELD CLIMATE NORMALS FOR TODAY
                         NORMAL    RECORD    YEAR
 MAXIMUM TEMPERATURE (F)   82        95      2005
 MINIMUM TEMPERATURE (F)   63        46      1976


SUNRISE AND SUNSET
MAY 20 2018...........SUNRISE   602 AM CDT   SUNSET   809 PM CDT
MAY 21 2018...........SUNRISE   602 AM CDT   SUNSET   810 PM CDT


-  INDICATES NEGATIVE NUMBERS.
R  INDICATES RECORD WAS SET OR TIED.
MM INDICATES DATA IS MISSING.
T  INDICATES TRACE AMOUNT.




$$
