000
CDUS46 KMFR 260836
CLILMT


CLIMATE REPORT
NATIONAL WEATHER SERVICE MEDFORD, OR
135 AM PDT THU APR 26 2018


...................................

...THE KLAMATH FALLS OR CLIMATE SUMMARY FOR APRIL 25 2018...

CLIMATE NORMAL PERIOD 1981 TO 2010
CLIMATE RECORD PERIOD 1928 TO 2018


WEATHER ITEM   OBSERVED TIME   RECORD YEAR NORMAL DEPARTURE LAST
                VALUE   (LST)  VALUE       VALUE  FROM      YEAR
                                                  NORMAL
..................................................................
TEMPERATURE (F)
 YESTERDAY
  MAXIMUM         80R   354 PM  77    2001  59     21       48
  MINIMUM         36    457 AM  21    1998  32      4       26
  AVERAGE         58                        46     12       37

PRECIPITATION (IN)
  YESTERDAY        0.00          0.35 1989   0.05  -0.05     0.02
  MONTH TO DATE    1.24                      1.06   0.18     0.64
  SINCE OCT 1      5.92                     10.79  -4.87    10.48
  SINCE JAN 1      3.67                      6.10  -2.43     5.73

SNOWFALL (IN)
  YESTERDAY       MM                        MM     MM       MM
  MONTH TO DATE   MM                        MM     MM       MM
  SINCE JUL 1     MM                        MM     MM       MM
  SNOW DEPTH      MM

DEGREE DAYS
 HEATING
  YESTERDAY        7                        19    -12       28
  MONTH TO DATE  521                       564    -43      567
  SINCE MAR 1   1378                      1385     -7     1274
  SINCE JUL 1   5807                      6226   -419     6112

 COOLING
  YESTERDAY        0                         0      0        0
  MONTH TO DATE    0                         0      0        0
  SINCE MAR 1      0                         0      0        0
  SINCE JAN 1      0                         0      0        0
..................................................................


WIND (MPH)
  HIGHEST WIND SPEED    12   HIGHEST WIND DIRECTION     S (170)
  HIGHEST GUST SPEED    22   HIGHEST GUST DIRECTION     E (80)
  AVERAGE WIND SPEED     3.0


SKY COVER
  POSSIBLE SUNSHINE  MM
  AVERAGE SKY COVER 0.0


WEATHER CONDITIONS
 THE FOLLOWING WEATHER WAS RECORDED YESTERDAY.
  NO SIGNIFICANT WEATHER WAS OBSERVED.


RELATIVE HUMIDITY (PERCENT)
 HIGHEST    85           500 AM
 LOWEST     10           400 PM

..........................................................


THE KLAMATH FALLS OR CLIMATE NORMALS FOR TODAY
                         NORMAL    RECORD    YEAR
 MAXIMUM TEMPERATURE (F)   60        83      1987
 MINIMUM TEMPERATURE (F)   32        18      2016


SUNRISE AND SUNSET
APRIL 26 2018.........SUNRISE   609 AM PDT   SUNSET   801 PM PDT
APRIL 27 2018.........SUNRISE   608 AM PDT   SUNSET   802 PM PDT


-  INDICATES NEGATIVE NUMBERS.
R  INDICATES RECORD WAS SET OR TIED.
MM INDICATES DATA IS MISSING.
T  INDICATES TRACE AMOUNT.




$$
