000
CDUS43 KLOT 240633
CLILOT


CLIMATE REPORT
NATIONAL WEATHER SERVICE CHICAGO IL
132 AM CDT THU MAY 24 2018


...................................

...THE ROMEOVILLE  WFO CLIMATE SUMMARY FOR MAY 23 2018...

CLIMATE NORMAL PERIOD 1981 TO 2010
CLIMATE RECORD PERIOD 1992 TO 2018


WEATHER ITEM   OBSERVED RECORD YEAR NORMAL DEPARTURE LAST
                VALUE   VALUE       VALUE  FROM      YEAR
                                           NORMAL
...........................................................
TEMPERATURE (F)
 YESTERDAY
  MAXIMUM         81     90    2010  73      8       61
                               2007
  MINIMUM         50     40    1992  52     -2       55
  AVERAGE         66                 63      3       58

PRECIPITATION (IN)
  YESTERDAY        0.00   1.40 1995   0.14  -0.14     0.35
  MONTH TO DATE    3.84               3.16   0.68     4.24
  SINCE MAR 1      8.05               9.89  -1.84    16.04
  SINCE JAN 1     14.83              13.60   1.23    21.75

DEGREE DAYS
 HEATING
  YESTERDAY        0                  5     -5
  MONTH TO DATE   65                163    -98
  SINCE MAR 1   1639               1429    210
  SINCE JUL 1   6321               6157    164

 COOLING
  YESTERDAY        1                  2     -1
  MONTH TO DATE   32                 31      1
  SINCE MAR 1     32                 36     -4
  SINCE JAN 1     32                 36     -4
...........................................................







THE ROMEOVILLE  WFO CLIMATE NORMALS FOR TODAY
                         NORMAL    RECORD    YEAR
 MAXIMUM TEMPERATURE (F)   72        92      2010
 MINIMUM TEMPERATURE (F)   52        34      1992


SUNRISE AND SUNSET
MAY 24 2018...........SUNRISE   525 AM CDT   SUNSET   814 PM CDT
MAY 25 2018...........SUNRISE   525 AM CDT   SUNSET   814 PM CDT


-  INDICATES NEGATIVE NUMBERS.
R  INDICATES RECORD WAS SET OR TIED.
MM INDICATES DATA IS MISSING.
T  INDICATES TRACE AMOUNT.




$$
