513
CDUS43 KLMK 272029
CLILOU


CLIMATE REPORT
NATIONAL WEATHER SERVICE LOUISVILLE KY
429 PM EDT SUN MAY 27 2018


...................................

...THE LOUISVILLE BOWMAN KY CLIMATE SUMMARY FOR MAY 27 2018...
VALID TODAY AS OF 0400 PM LOCAL TIME.

CLIMATE NORMAL PERIOD 1981 TO 2010
CLIMATE RECORD PERIOD 9999 TO 9999


WEATHER ITEM   OBSERVED TIME   RECORD YEAR NORMAL DEPARTURE LAST
                VALUE   (LST)  VALUE       VALUE  FROM      YEAR
                                                  NORMAL
..................................................................
TEMPERATURE (F)
 TODAY
  MAXIMUM         89   1201 PM  MM      MM  80      9       85
  MINIMUM         70    621 AM  MM      MM  60     10       67
  AVERAGE         80                        70     10       76

PRECIPITATION (IN)
  TODAY            0.05         MM      MM   0.15  -0.10     0.02
  MONTH TO DATE    2.49                      4.52  -2.03     4.84
  SINCE MAR 1     10.90                     12.76  -1.86    13.53
  SINCE JAN 1     22.77                     19.32   3.45    19.55

SNOWFALL (IN)
  TODAY           MM            MM      MM  MM     MM       MM
  MONTH TO DATE   MM                        MM     MM       MM
  SINCE MAR 1     MM                        MM     MM       MM
  SINCE JUL 1     MM                        MM     MM       MM
  SNOW DEPTH      MM

DEGREE DAYS
 HEATING
  TODAY            0                         1     -1        0
  MONTH TO DATE    1                        70    -69       81
  SINCE MAR 1   1032                       900    132      663
  SINCE JUL 1   4294                      4261     33     3225

 COOLING
  TODAY           15                         6      9       11
  MONTH TO DATE  249                        89    160      121
  SINCE MAR 1    265                       123    142      218
  SINCE JAN 1    275                       123    152      221
..................................................................


WIND (MPH)
  HIGHEST WIND SPEED    16   HIGHEST WIND DIRECTION     S (180)
  HIGHEST GUST SPEED    21   HIGHEST GUST DIRECTION     S (180)
  AVERAGE WIND SPEED     3.8


SKY COVER
  POSSIBLE SUNSHINE  MM
  AVERAGE SKY COVER 0.4


WEATHER CONDITIONS
 THE FOLLOWING WEATHER WAS RECORDED TODAY.
  THUNDERSTORM
  LIGHT RAIN


RELATIVE HUMIDITY (PERCENT)
 HIGHEST    93           200 AM
 LOWEST     55           100 PM
 AVERAGE    74

..........................................................




SUNRISE AND SUNSET
MAY 27 2018...........SUNRISE   623 AM EDT   SUNSET   857 PM EDT
MAY 28 2018...........SUNRISE   623 AM EDT   SUNSET   857 PM EDT


-  INDICATES NEGATIVE NUMBERS.
R  INDICATES RECORD WAS SET OR TIED.
MM INDICATES DATA IS MISSING.
T  INDICATES TRACE AMOUNT.




$$
