000
CDUS44 KCRP 222138 RRB
CLILRD

CLIMATE REPORT
NATIONAL WEATHER SERVICE CORPUS CHRISTI TX
436 PM CDT TUE MAY 22 2018

...................................

...THE LAREDO CLIMATE SUMMARY FOR MAY 22 2018...
VALID AS OF 400 PM LOCAL TIME.

CLIMATE NORMAL PERIOD 1981 TO 2010
CLIMATE RECORD PERIOD 1900 TO 2018


WEATHER ITEM   OBSERVED TIME   RECORD YEAR NORMAL DEPARTURE LAST
                VALUE   (LST)  VALUE       VALUE  FROM      YEAR
                                                  NORMAL
..................................................................
TEMPERATURE (F)
 TODAY
  MAXIMUM         93        MM 107    1998  95     -2       86
  MINIMUM         73        MM  55    1911  73      0       67
  AVERAGE         83                        84     -1       77

PRECIPITATION (IN)
  TODAY            0.00          4.68 1977   0.07  -0.07      T
  MONTH TO DATE    0.09                      1.75  -1.66     4.08
  SINCE MAR 1      2.26                      4.29  -2.03     7.90
  SINCE JAN 1      2.55                      6.13  -3.58     8.87

SNOWFALL (IN)
  TODAY            0.0
  MONTH TO DATE    0.0
  SINCE MAR 1      0.0
  SINCE JUL 1      1.3
  SNOW DEPTH       0

DEGREE DAYS
 HEATING
  TODAY            0                         0      0        0
  MONTH TO DATE    0                         0      0        0
  SINCE MAR 1      9                        82    -73       16
  SINCE JUL 1    845                       926    -81      396

 COOLING
  TODAY           18                        19     -1       12
  MONTH TO DATE  425                       366     59      381
  SINCE MAR 1   1005                       881    124     1049
  SINCE JAN 1   1139                       966    173     1355
..................................................................


WIND (MPH)
  HIGHEST WIND SPEED    MM   HIGHEST WIND DIRECTION    MM
  HIGHEST GUST SPEED    MM   HIGHEST GUST DIRECTION    MM


SKY COVER
  POSSIBLE SUNSHINE  MM
  AVERAGE SKY COVER 0.6


WEATHER CONDITIONS
 THE FOLLOWING WEATHER WAS RECORDED TODAY.
  NO SIGNIFICANT WEATHER WAS OBSERVED.


RELATIVE HUMIDITY (PERCENT)
 HIGHEST    87           300 AM
 LOWEST     41           300 PM
 AVERAGE    64

..........................................................


THE LAREDO CLIMATE NORMALS FOR TOMORROW
                         NORMAL    RECORD    YEAR
 MAXIMUM TEMPERATURE (F)   95       107      2011
                                             1989
 MINIMUM TEMPERATURE (F)   73        49      1928


SUNRISE AND SUNSET
MAY 22 2018...........SUNRISE   646 AM CDT   SUNSET   824 PM CDT
MAY 23 2018...........SUNRISE   645 AM CDT   SUNSET   824 PM CDT


-  INDICATES NEGATIVE NUMBERS.
R  INDICATES RECORD WAS SET OR TIED.
MM INDICATES DATA IS MISSING.
T  INDICATES TRACE AMOUNT.




$$
