000
CDUS44 KLZK 252116
CLILZK


CLIMATE REPORT
NATIONAL WEATHER SERVICE LITTLE ROCK AR
416 PM CDT WED APR 25 2018


...................................

...THE NORTH LITTLE ROCK CLIMATE SUMMARY FOR APRIL 25 2018...
VALID TODAY AS OF 0400 PM LOCAL TIME.

CLIMATE NORMAL PERIOD 1981 TO 2010
CLIMATE RECORD PERIOD 1975 TO 2018


WEATHER ITEM   OBSERVED TIME   RECORD YEAR NORMAL DEPARTURE LAST
                VALUE   (LST)  VALUE       VALUE  FROM      YEAR
                                                  NORMAL
..................................................................
TEMPERATURE (F)
 TODAY
  MAXIMUM         69        MM  86    1989  75     -6       82
                                      1984
  MINIMUM         56        MM  42    2013  56      0       53
  AVERAGE         63                        65     -2       68

PRECIPITATION (IN)
  TODAY            0.19          2.72 1980   0.17   0.02     0.00
  MONTH TO DATE    5.09                      3.95   1.14     3.05
  SINCE MAR 1      8.25                      8.72  -0.47     6.52
  SINCE JAN 1     24.12                     15.80   8.32    11.80

SNOWFALL (IN)
  TODAY            0.0          MM      MM   0.0    0.0      0.0
  MONTH TO DATE    T                         0.0    0.0      0.0
  SINCE MAR 1      T                         0.4   -0.4       T
  SINCE JUL 1      1.5                       4.4   -2.9      0.8
  SNOW DEPTH       0

DEGREE DAYS
 HEATING
  TODAY            2                         3     -1        0
  MONTH TO DATE  276                       126    150       55
  SINCE MAR 1    574                       486     88      326
  SINCE JUL 1   3021                      2972     49     2159

 COOLING
  TODAY            0                         3     -3        3
  MONTH TO DATE    6                        51    -45       71
  SINCE MAR 1     18                        68    -50       98
  SINCE JAN 1     21                        70    -49      115
..................................................................


WIND (MPH)
  HIGHEST WIND SPEED    MM   HIGHEST WIND DIRECTION    MM
  HIGHEST GUST SPEED    MM   HIGHEST GUST DIRECTION    MM
  AVERAGE WIND SPEED    MM


SKY COVER
  POSSIBLE SUNSHINE  MM
  AVERAGE SKY COVER  MM


WEATHER CONDITIONS
 THE FOLLOWING WEATHER WAS RECORDED TODAY.
  LIGHT RAIN


RELATIVE HUMIDITY (PERCENT)
 HIGHEST    MM
 LOWEST     MM
 AVERAGE    MM

..........................................................


THE NORTH LITTLE ROCK CLIMATE NORMALS FOR TOMORROW
                         NORMAL    RECORD    YEAR
 MAXIMUM TEMPERATURE (F)   75        89      1987
 MINIMUM TEMPERATURE (F)   56        39      1976


SUNRISE AND SUNSET
APRIL 25 2018.........SUNRISE   625 AM CDT   SUNSET   749 PM CDT
APRIL 26 2018.........SUNRISE   624 AM CDT   SUNSET   750 PM CDT


-  INDICATES NEGATIVE NUMBERS.
R  INDICATES RECORD WAS SET OR TIED.
MM INDICATES DATA IS MISSING.
T  INDICATES TRACE AMOUNT.




$$
