000
CDUS43 KABR 232233
CLIMBG


CLIMATE REPORT
NATIONAL WEATHER SERVICE ABERDEEN SD
532 PM CDT SAT JUN 23 2018


...................................

...THE MOBRIDGE SD CLIMATE SUMMARY FOR JUNE 23 2018...
VALID TODAY AS OF 0500 PM LOCAL TIME.

CLIMATE NORMAL PERIOD 1981 TO 2010
CLIMATE RECORD PERIOD 1911 TO 2018


WEATHER ITEM   OBSERVED TIME   RECORD YEAR NORMAL DEPARTURE LAST
                VALUE   (LST)  VALUE       VALUE  FROM      YEAR
                                                  NORMAL
..................................................................
TEMPERATURE (F)
 TODAY
  MAXIMUM         74    359 PM 104    1937  81     -7       72
  MINIMUM         64    521 AM  39    1942  56      8       44
  AVERAGE         69                        68      1       58

PRECIPITATION (IN)
  TODAY            0.30          2.20 1930   0.08   0.22     0.00
  MONTH TO DATE    3.43                      2.61   0.82     1.45
  SINCE JUN 1      3.43                      2.61   0.82     1.45
  SINCE JAN 1     10.73                      8.63   2.10     3.98

DEGREE DAYS
 HEATING
  TODAY            0                         1     -1        7
  MONTH TO DATE    6                        68    -62        7
  SINCE JUN 1      6                        68    -62        7
  SINCE JUL 1   7929                      7952    -23     7133

 COOLING
  TODAY            4                         5     -1        0
  MONTH TO DATE  149                        60     89      158
  SINCE JUN 1    149                        60     89      158
  SINCE JAN 1    263                        76    187      178
..................................................................


WIND (MPH)
  HIGHEST WIND SPEED    15   HIGHEST WIND DIRECTION    NE (50)
  HIGHEST GUST SPEED    18   HIGHEST GUST DIRECTION    NE (50)
  AVERAGE WIND SPEED     6.6


SKY COVER
  POSSIBLE SUNSHINE  MM
  AVERAGE SKY COVER 0.9


WEATHER CONDITIONS
 THE FOLLOWING WEATHER WAS RECORDED TODAY.
  HEAVY RAIN
  LIGHT RAIN
  FOG


RELATIVE HUMIDITY (PERCENT)
 HIGHEST    93           200 AM
 LOWEST     73           400 PM
 AVERAGE    83

..........................................................


THE MOBRIDGE SD CLIMATE NORMALS FOR TOMORROW
                         NORMAL    RECORD    YEAR
 MAXIMUM TEMPERATURE (F)   81       108      1936
 MINIMUM TEMPERATURE (F)   56        38      1929


SUNRISE AND SUNSET
JUNE 23 2018..........SUNRISE   553 AM CDT   SUNSET   935 PM CDT
JUNE 24 2018..........SUNRISE   554 AM CDT   SUNSET   935 PM CDT


-  INDICATES NEGATIVE NUMBERS.
R  INDICATES RECORD WAS SET OR TIED.
MM INDICATES DATA IS MISSING.
T  INDICATES TRACE AMOUNT.




$$
