000
CDAK49 PAFG 270116
CLIMCG

CLIMATE REPORT
NATIONAL WEATHER SERVICE FAIRBANKS AK
516 PM AKDT THU APR 26 2018


...................................

...THE MCGRATH AK CLIMATE SUMMARY FOR APRIL 26 2018...
VALID TODAY AS OF 0400 PM LOCAL TIME.

CLIMATE NORMAL PERIOD 1981 TO 2010
CLIMATE RECORD PERIOD 1946 TO 2018


WEATHER ITEM   OBSERVED TIME   RECORD YEAR NORMAL DEPARTURE LAST
                VALUE   (LST)  VALUE       VALUE  FROM      YEAR
                                                  NORMAL
..................................................................
TEMPERATURE (F)
 TODAY
  MAXIMUM         44    259 PM  63    2016  48     -4       55
  MINIMUM         36    614 AM   3    1955  27      9       30
  AVERAGE         40                        37      3       43

PRECIPITATION (IN)
  TODAY            0.01          0.25 1990   0.03  -0.02     0.04
  MONTH TO DATE    0.49                      0.63  -0.14     0.19
  SINCE MAR 1      1.48                      1.44   0.04     0.19
  SINCE JAN 1      3.16                      3.47  -0.31     1.39

SNOWFALL (IN)
  TODAY           MM             1.8  1990   0.1   MM        0.0
  MONTH TO DATE    2.5                       4.7   -2.2      2.6
  SINCE MAR 1     20.6                      16.0    4.6      2.6
  SINCE JUL 1     83.1                      96.0  -12.9     51.3
  SNOW DEPTH      10

DEGREE DAYS
 HEATING
  TODAY           25                        28     -3       22
  MONTH TO DATE  848                       955   -107      757
  SINCE MAR 1   2290                      2610   -320     2680
  SINCE JUL 1  10792                     12842  -2050    12438

 COOLING
  TODAY            0                         0      0        0
  MONTH TO DATE    0                         0      0        0
  SINCE MAR 1      0                         0      0        0
  SINCE JAN 1      0                         0      0        0
..................................................................


WIND (MPH)
  HIGHEST GUST SPEED    26   HIGHEST GUST DIRECTION     S (160)


SKY COVER
  AVERAGE SKY COVER 0.7


WEATHER CONDITIONS
 THE FOLLOWING WEATHER WAS RECORDED TODAY.
  LIGHT RAIN


RELATIVE HUMIDITY (PERCENT)
 HIGHEST    92
 LOWEST     57
 AVERAGE    75

..........................................................


THE MCGRATH AK CLIMATE NORMALS FOR TOMORROW
                         NORMAL    RECORD    YEAR
 MAXIMUM TEMPERATURE (F)   48        66      1958
 MINIMUM TEMPERATURE (F)   27         4      1955


SUNRISE AND SUNSET
APRIL 26 2018.........SUNRISE   619 AM AKDT  SUNSET  1025 PM AKDT
APRIL 27 2018.........SUNRISE   615 AM AKDT  SUNSET  1028 PM AKDT

-  INDICATES NEGATIVE NUMBERS.
R  INDICATES RECORD WAS SET OR TIED.
MM INDICATES DATA IS MISSING.
T  INDICATES TRACE AMOUNT.

&&

SNOW DEPTH IS MEASURED AT 3AM AKST/4AM AKDT.

----------------------------
AVAILABLE DAYLIGHT

AMOUNT OF DAYLIGHT TODAY  (HOUR:MIN)........16:06
GAIN/LOSS SINCE YESTERDAY (HOUR:MIN:SEC)....+0:06:12

$$
HFL APR 18
