000
CDUS44 KMEG 250639
CLIMEG


CLIMATE REPORT
NATIONAL WEATHER SERVICE MEMPHIS TN
138 AM CDT FRI MAY 25 2018


...................................

...THE MEMPHIS/GERMANTOWN WFO CLIMATE SUMMARY FOR MAY 24 2018...

CLIMATE NORMAL PERIOD 1981 TO 2010
CLIMATE RECORD PERIOD 1988 TO 2018


WEATHER ITEM   OBSERVED TIME   RECORD YEAR NORMAL DEPARTURE LAST
                VALUE   (LST)  VALUE       VALUE  FROM      YEAR
                                                  NORMAL
..................................................................
TEMPERATURE (F)
 YESTERDAY
  MAXIMUM         89   1145 AM  93    2006  83      6       70
  MINIMUM         69    511 AM  48    1990  62      7       52
  AVERAGE         79                        72      7       61

PRECIPITATION (IN)
  YESTERDAY        0.13          1.73 2010   0.16  -0.03     0.42
  MONTH TO DATE    3.21                      4.54  -1.33     2.70
  SINCE MAR 1     17.44                     14.81   2.63    12.99
  SINCE JAN 1     36.26                     23.44  12.82    18.20

SNOWFALL (IN)
  YESTERDAY        0.0          MM      MM                   0.0
  MONTH TO DATE    0.0                                       0.0
  SINCE MAR 1      0.0                                       0.4
  SINCE JUL 1      3.8                                       1.4
  SNOW DEPTH       0

DEGREE DAYS
 HEATING
  YESTERDAY        0                         1     -1        4
  MONTH TO DATE    0                        38    -38       29
  SINCE MAR 1    659                       665     -6      398
  SINCE JUL 1   3213                      3411   -198     2239

 COOLING
  YESTERDAY       14                         8      6        0
  MONTH TO DATE  263                       125    138      122
  SINCE MAR 1    279                       190     89      268
  SINCE JAN 1    292                       191    101      282
..................................................................







THE MEMPHIS/GERMANTOWN WFO CLIMATE NORMALS FOR TODAY
                         NORMAL    RECORD    YEAR
 MAXIMUM TEMPERATURE (F)   83        93      2012
                                             2006
 MINIMUM TEMPERATURE (F)   62        48      2001


SUNRISE AND SUNSET
MAY 25 2018...........SUNRISE   549 AM CDT   SUNSET   804 PM CDT
MAY 26 2018...........SUNRISE   549 AM CDT   SUNSET   804 PM CDT


-  INDICATES NEGATIVE NUMBERS.
R  INDICATES RECORD WAS SET OR TIED.
MM INDICATES DATA IS MISSING.
T  INDICATES TRACE AMOUNT.




$$
