000
CDUS44 KMEG 212145
CLIMEM


CLIMATE REPORT
NATIONAL WEATHER SERVICE MEMPHIS TN
444 PM CDT SAT APR 21 2018


...................................

...THE MEMPHIS CLIMATE SUMMARY FOR APRIL 21 2018...
VALID TODAY AS OF 0400 PM LOCAL TIME.

CLIMATE NORMAL PERIOD 1981 TO 2010
CLIMATE RECORD PERIOD 1872 TO 2018


WEATHER ITEM   OBSERVED TIME   RECORD YEAR NORMAL DEPARTURE LAST
                VALUE   (LST)  VALUE       VALUE  FROM      YEAR
                                                  NORMAL
..................................................................
TEMPERATURE (F)
 TODAY
  MAXIMUM         75    203 PM  94    1987  75      0       76
  MINIMUM         47    512 AM  36    1950  55     -8       60
  AVERAGE         61                        65     -4       68

PRECIPITATION (IN)
  TODAY            0.00          1.92 1955   0.19  -0.19     0.39
  MONTH TO DATE    3.77                      3.82  -0.05     2.15
  SINCE MAR 1      8.21                      8.98  -0.77     5.76
  SINCE JAN 1     25.66                     17.35   8.31    11.42

SNOWFALL (IN)
  TODAY            0.0

DEGREE DAYS
 HEATING
  TODAY            4                         3      1        0
  MONTH TO DATE  231                       115    116       31
  SINCE MAR 1    564                       473     91      311
  SINCE JUL 1   2983                      2923     60     2010

 COOLING
  TODAY            0                         3     -3        3
  MONTH TO DATE   12                        45    -33       84
  SINCE MAR 1     16                        62    -46      122
  SINCE JAN 1     30                        65    -35      144
..................................................................


WIND (MPH)
  HIGHEST WIND SPEED    20   HIGHEST WIND DIRECTION    SE (120)
  HIGHEST GUST SPEED    25   HIGHEST GUST DIRECTION     E (110)
  AVERAGE WIND SPEED     8.6


SKY COVER
  POSSIBLE SUNSHINE  MM
  AVERAGE SKY COVER 0.5


WEATHER CONDITIONS
 THE FOLLOWING WEATHER WAS RECORDED TODAY.
  NO SIGNIFICANT WEATHER WAS OBSERVED.


RELATIVE HUMIDITY (PERCENT)
 HIGHEST    61           600 AM
 LOWEST     31           200 PM
 AVERAGE    46

..........................................................


THE MEMPHIS CLIMATE NORMALS FOR TOMORROW
                         NORMAL    RECORD    YEAR
 MAXIMUM TEMPERATURE (F)   75        90      1980
 MINIMUM TEMPERATURE (F)   55        39      1993
                                             1931
                                             1927


SUNRISE AND SUNSET
APRIL 21 2018.........SUNRISE   620 AM CDT   SUNSET   737 PM CDT
APRIL 22 2018.........SUNRISE   619 AM CDT   SUNSET   738 PM CDT


-  INDICATES NEGATIVE NUMBERS.
R  INDICATES RECORD WAS SET OR TIED.
MM INDICATES DATA IS MISSING.
T  INDICATES TRACE AMOUNT.




$$
