000
CDUS44 KBMX 192116
CLIMGM


CLIMATE REPORT
NATIONAL WEATHER SERVICE BIRMINGHAM, AL
416 PM CDT THU APR 19 2018


...................................

...THE MONTGOMERY CLIMATE SUMMARY FOR APRIL 19 2018...
VALID TODAY AS OF 0400 PM LOCAL TIME.

CLIMATE NORMAL PERIOD 1981 TO 2010
CLIMATE RECORD PERIOD 1872 TO 2018


WEATHER ITEM   OBSERVED TIME   RECORD YEAR NORMAL DEPARTURE LAST
                VALUE   (LST)  VALUE       VALUE  FROM      YEAR
                                                  NORMAL
..................................................................
TEMPERATURE (F)
 TODAY
  MAXIMUM         74    252 PM  89    2006  77     -3       88
  MINIMUM         63    546 AM  34    1983  52     11       60
  AVERAGE         69                        65      4       74

PRECIPITATION (IN)
  TODAY            0.00          1.69 1880   0.13  -0.13     0.00
  MONTH TO DATE    2.07                      2.78  -0.71     1.44
  SINCE MAR 1      5.25                      8.73  -3.48     5.16
  SINCE JAN 1     14.24                     18.66  -4.42    19.86

SNOWFALL (IN)
  TODAY            0.0                       0.0    0.0      0.0
  MONTH TO DATE    0.0                       0.0    0.0      0.0
  SINCE MAR 1      0.0                       0.3   -0.3      0.0
  SINCE JUL 1      T                         0.4   -0.4      0.0
  SNOW DEPTH       0

DEGREE DAYS

 COOLING
  TODAY            4                         3      1        9
  MONTH TO DATE   27                        35     -8       94
  SINCE MAR 1     64                        58      6      175
  SINCE JAN 1    129                        64     65      221
..................................................................


WIND (MPH)
  HIGHEST WIND SPEED    21   HIGHEST WIND DIRECTION     W (280)
  HIGHEST GUST SPEED    26   HIGHEST GUST DIRECTION     W (290)
  AVERAGE WIND SPEED    10.7


SKY COVER
  AVERAGE SKY COVER 0.1


WEATHER CONDITIONS
 THE FOLLOWING WEATHER WAS RECORDED TODAY.
  NO SIGNIFICANT WEATHER WAS OBSERVED.


RELATIVE HUMIDITY (PERCENT)
 HIGHEST   100           500 AM
 LOWEST     33          1200 PM
 AVERAGE    67

..........................................................


THE MONTGOMERY CLIMATE NORMALS FOR TOMORROW
                         NORMAL    RECORD    YEAR
 MAXIMUM TEMPERATURE (F)   78        90      1994
 MINIMUM TEMPERATURE (F)   53        38      2013
                                             1953


SUNRISE AND SUNSET
APRIL 19 2018.........SUNRISE   612 AM CDT   SUNSET   718 PM CDT
APRIL 20 2018.........SUNRISE   611 AM CDT   SUNSET   719 PM CDT


-  INDICATES NEGATIVE NUMBERS.
R  INDICATES RECORD WAS SET OR TIED.
MM INDICATES DATA IS MISSING.
T  INDICATES TRACE AMOUNT.




$$
