978
CDUS43 KTOP 262206
CLIMHK


CLIMATE REPORT
NATIONAL WEATHER SERVICE TOPEKA KS
505 PM CDT SAT MAY 26 2018


...................................

...THE MANHATTAN KS CLIMATE SUMMARY FOR MAY 26 2018...
VALID TODAY AS OF 500 PM LOCAL TIME.

CLIMATE NORMAL PERIOD 1981 TO 2010
CLIMATE RECORD PERIOD 9999 TO 9999


WEATHER ITEM   OBSERVED NORMAL DEPARTURE LAST
                VALUE   VALUE  FROM      YEAR
                               NORMAL
...............................................
TEMPERATURE (F)
 TODAY
  MAXIMUM        100     79     21       85
  MINIMUM         65     55     10       57
  AVERAGE         83     67     16       71

PRECIPITATION (IN)
  TODAY            0.00   0.16  -0.16     0.06
  MONTH TO DATE    1.70   3.61  -1.91     2.58
  SINCE MAR 1      2.32   8.61  -6.29    11.31
  SINCE JAN 1      2.90  10.33  -7.43    13.11

DEGREE DAYS
 HEATING
  TODAY            0      2     -2        0
  MONTH TO DATE    3    116   -113       94
  SINCE MAR 1   1086   1137    -51      885
  SINCE JUL 1   4889   5297   -408     4169

 COOLING
  TODAY           18      4     14        6
  MONTH TO DATE  213     60    153       76
  SINCE MAR 1    224     77    147      120
  SINCE JAN 1    224     77    147      120
...............................................


WIND (MPH)
  HIGHEST WIND SPEED    10   HIGHEST WIND DIRECTION    SW (220)
  HIGHEST GUST SPEED    13   HIGHEST GUST DIRECTION    SW (240)
  AVERAGE WIND SPEED     4.6



WEATHER CONDITIONS
 THE FOLLOWING WEATHER WAS RECORDED TODAY.
  NO SIGNIFICANT WEATHER WAS OBSERVED.


RELATIVE HUMIDITY (PERCENT)
 HIGHEST    93
 LOWEST     26
 AVERAGE    60

..........................................................


THE MANHATTAN KS CLIMATE NORMALS FOR TOMORROW
                         NORMAL
 MAXIMUM TEMPERATURE (F)   80
 MINIMUM TEMPERATURE (F)   55


SUNRISE AND SUNSET
MAY 26 2018...........SUNRISE   605 AM CDT   SUNSET   842 PM CDT
MAY 27 2018...........SUNRISE   605 AM CDT   SUNSET   843 PM CDT


-  INDICATES NEGATIVE NUMBERS.
R  INDICATES RECORD WAS SET OR TIED.
MM INDICATES DATA IS MISSING.
T  INDICATES TRACE AMOUNT.




$$
