584
CDUS42 KMLB 200633
CLIMLB


CLIMATE REPORT
NATIONAL WEATHER SERVICE MELBOURNE FL
233 AM EDT FRI APR 20 2018


...................................

...THE MELBOURNE CLIMATE SUMMARY FOR APRIL 19 2018...

CLIMATE NORMAL PERIOD 1981 TO 2010
CLIMATE RECORD PERIOD 1939 TO 2018


WEATHER ITEM   OBSERVED TIME   RECORD YEAR NORMAL DEPARTURE LAST
                VALUE   (LST)  VALUE       VALUE  FROM      YEAR
                                                  NORMAL
..................................................................
TEMPERATURE (F)
 YESTERDAY
  MAXIMUM         89    225 PM  93    2015  81      8       84
  MINIMUM         63    404 AM  41    1997  61      2       74
  AVERAGE         76                        71      5       79

PRECIPITATION (IN)
  YESTERDAY        0.00          2.19 1951   0.06  -0.06      T
  MONTH TO DATE    1.29                      1.41  -0.12     0.19
  SINCE MAR 1      1.74                      4.69  -2.95     0.60
  SINCE JAN 1      4.91                      9.49  -4.58     5.49

SNOWFALL (IN)
  YESTERDAY        0.0
  MONTH TO DATE    0.0
  SINCE JUL 1      0.0

DEGREE DAYS
 HEATING
  YESTERDAY        0                         0      0        0
  MONTH TO DATE    2                        15    -13        3
  SINCE MAR 1     89                        86      3       42
  SINCE JUL 1    342                       575   -233      220

 COOLING
  YESTERDAY       11                         6      5       14
  MONTH TO DATE  173                        97     76      190
  SINCE MAR 1    301                       196    105      375
  SINCE JAN 1    634                       294    340      553
..................................................................


WIND (MPH)
  HIGHEST WIND SPEED    16   HIGHEST WIND DIRECTION    SE (120)
  HIGHEST GUST SPEED    26   HIGHEST GUST DIRECTION    SW (240)
  AVERAGE WIND SPEED     8.1


SKY COVER
  AVERAGE SKY COVER 0.0


WEATHER CONDITIONS
 THE FOLLOWING WEATHER WAS RECORDED YESTERDAY.
  HAZE


RELATIVE HUMIDITY (PERCENT)
 HIGHEST    87           400 AM
 LOWEST     34           100 PM
 AVERAGE    61

..........................................................


THE MELBOURNE CLIMATE NORMALS FOR TODAY
                         NORMAL    RECORD    YEAR
 MAXIMUM TEMPERATURE (F)   81        91      1944
 MINIMUM TEMPERATURE (F)   61        50      1999


SUNRISE AND SUNSET
APRIL 20 2018.........SUNRISE   653 AM EDT   SUNSET   751 PM EDT
APRIL 21 2018.........SUNRISE   652 AM EDT   SUNSET   751 PM EDT


-  INDICATES NEGATIVE NUMBERS.
R  INDICATES RECORD WAS SET OR TIED.
MM INDICATES DATA IS MISSING.
T  INDICATES TRACE AMOUNT.




$$
