000
CDUS43 KDVN 202127
CLIMLI


CLIMATE REPORT
NATIONAL WEATHER SERVICE QUAD CITIES IA IL
426 PM CDT SUN MAY 20 2018


...................................

...THE MOLINE IL CLIMATE SUMMARY FOR MAY 20 2018...
VALID TODAY AS OF 0400 PM LOCAL TIME.

CLIMATE NORMAL PERIOD 1981 TO 2010
CLIMATE RECORD PERIOD 1872 TO 2018


WEATHER ITEM   OBSERVED TIME   RECORD YEAR NORMAL DEPARTURE LAST
                VALUE   (LST)  VALUE       VALUE  FROM      YEAR
                                                  NORMAL
..................................................................
TEMPERATURE (F)
 TODAY
  MAXIMUM         69    207 PM  92    1934  74     -5       70
  MINIMUM         59    832 AM  32    1954  52      7       47
  AVERAGE         64                        63      1       59

PRECIPITATION (IN)
  TODAY            0.00          2.15 1987   0.15  -0.15     0.53
  MONTH TO DATE    2.37                      2.72  -0.35     2.39
  SINCE MAR 1      6.60                      9.17  -2.57    11.51
  SINCE JAN 1     10.43                     12.26  -1.83    13.92

SNOWFALL (IN)
  TODAY            0.0          MM      MM   0.0    0.0      0.0
  MONTH TO DATE    0.0                       0.0    0.0      0.0
  SINCE MAR 1     13.6                       4.9    8.7      5.9
  SINCE JUL 1     41.7                      31.6   10.1     22.4
  SNOW DEPTH       0

DEGREE DAYS
 HEATING
  TODAY            1                         4     -3        6
  MONTH TO DATE   25                       127   -102      129
  SINCE MAR 1   1521                      1352    169     1191
  SINCE JUL 1   6148                      6150     -2     4994

 COOLING
  TODAY            0                         2     -2        0
  MONTH TO DATE   62                        29     33       38
  SINCE MAR 1     62                        43     19       52
  SINCE JAN 1     62                        43     19       52
..................................................................


WIND (MPH)
  HIGHEST WIND SPEED    21   HIGHEST WIND DIRECTION    NE (60)
  HIGHEST GUST SPEED    26   HIGHEST GUST DIRECTION     E (70)
  AVERAGE WIND SPEED    12.8


SKY COVER
  POSSIBLE SUNSHINE  MM
  AVERAGE SKY COVER 0.7


WEATHER CONDITIONS
 THE FOLLOWING WEATHER WAS RECORDED TODAY.
  FOG
  HAZE


RELATIVE HUMIDITY (PERCENT)
 HIGHEST    93          1200 AM
 LOWEST     61           200 PM
 AVERAGE    77

..........................................................


THE MOLINE IL CLIMATE NORMALS FOR TOMORROW
                         NORMAL    RECORD    YEAR
 MAXIMUM TEMPERATURE (F)   75        93      1934
 MINIMUM TEMPERATURE (F)   52        32      2002


SUNRISE AND SUNSET
MAY 20 2018...........SUNRISE   539 AM CDT   SUNSET   819 PM CDT
MAY 21 2018...........SUNRISE   538 AM CDT   SUNSET   820 PM CDT


-  INDICATES NEGATIVE NUMBERS.
R  INDICATES RECORD WAS SET OR TIED.
MM INDICATES DATA IS MISSING.
T  INDICATES TRACE AMOUNT.




$$
