000
CDUS44 KSHV 230737
CLIMLU


CLIMATE REPORT
NATIONAL WEATHER SERVICE SHREVEPORT, LA
236 AM CDT MON APR 23 2018


...................................

...THE MONROE CLIMATE SUMMARY FOR APRIL 22 2018...

CLIMATE NORMAL PERIOD 1981 TO 2010
CLIMATE RECORD PERIOD 1893 TO 2018


WEATHER ITEM   OBSERVED TIME   RECORD YEAR NORMAL DEPARTURE LAST
                VALUE   (LST)  VALUE       VALUE  FROM      YEAR
                                                  NORMAL
..................................................................
TEMPERATURE (F)
 YESTERDAY
  MAXIMUM         67    355 PM  91    1989  80    -13       79
                                      1965
                                      1911
  MINIMUM         53   1159 PM  37    1931  56     -3       56
  AVERAGE         60                        68     -8       68

PRECIPITATION (IN)
  YESTERDAY        0.53          4.90 1928   0.16   0.37     0.23
  MONTH TO DATE    3.83                      3.28   0.55     3.04
  SINCE DEC 1     26.32                     22.93   3.39    21.56
  SINCE JAN 1     22.80                     17.64   5.16    16.73

SNOWFALL (IN)
  YESTERDAY        0.0
  MONTH TO DATE    0.0
  SINCE MAR 1      0.0
  SINCE JUL 1      1.5
  SNOW DEPTH       0

DEGREE DAYS
 HEATING
  YESTERDAY        5                         2      3        0
  MONTH TO DATE  124                        73     51       19
  SINCE MAR 1    296                       323    -27      184
  SINCE JUL 1   2077                      2217   -140     1380

 COOLING
  YESTERDAY        0                         4     -4        3
  MONTH TO DATE   36                        64    -28      114
  SINCE MAR 1     87                        96     -9      205
  SINCE JAN 1    124                       107     17      264
..................................................................


WIND (MPH)
  HIGHEST WIND SPEED    22   HIGHEST WIND DIRECTION     W (260)
  HIGHEST GUST SPEED    26   HIGHEST GUST DIRECTION     W (290)
  AVERAGE WIND SPEED     7.4


SKY COVER
  POSSIBLE SUNSHINE  MM
  AVERAGE SKY COVER 0.8


WEATHER CONDITIONS
 THE FOLLOWING WEATHER WAS RECORDED YESTERDAY.
  HEAVY RAIN
  RAIN
  LIGHT RAIN
  FOG
  HAZE


RELATIVE HUMIDITY (PERCENT)
 HIGHEST   100           100 AM
 LOWEST     72           600 PM
 AVERAGE    86

..........................................................


THE MONROE CLIMATE NORMALS FOR TODAY
                         NORMAL    RECORD    YEAR
 MAXIMUM TEMPERATURE (F)   80        94      1911
 MINIMUM TEMPERATURE (F)   56        38      1927


SUNRISE AND SUNSET
APRIL 23 2018.........SUNRISE   630 AM CDT   SUNSET   744 PM CDT
APRIL 24 2018.........SUNRISE   629 AM CDT   SUNSET   744 PM CDT


-  INDICATES NEGATIVE NUMBERS.
R  INDICATES RECORD WAS SET OR TIED.
MM INDICATES DATA IS MISSING.
T  INDICATES TRACE AMOUNT.




$$
