000
CDUS46 KSTO 270045
CLIMOD


CLIMATE REPORT
NATIONAL WEATHER SERVICE SACRAMENTO, CA
545 PM PDT SAT MAY 26 2018


...................................

...THE MODESTO CA CLIMATE SUMMARY FOR MAY 26 2018...
VALID TODAY AS OF 0500 PM LOCAL TIME.

CLIMATE NORMAL PERIOD 1981 TO 2010
CLIMATE RECORD PERIOD 1931 TO 2018


WEATHER ITEM   OBSERVED TIME   RECORD YEAR NORMAL DEPARTURE LAST
                VALUE   (LST)  VALUE       VALUE  FROM      YEAR
                                                  NORMAL
..................................................................
TEMPERATURE (F)
 TODAY
  MAXIMUM         76    346 PM 102    1951  85     -9       75
  MINIMUM         53    503 AM  43    1962  57     -4       55
  AVERAGE         65

PRECIPITATION (IN)
  TODAY            0.00          0.36 1946   0.02  -0.02     0.00
  MONTH TO DATE    0.17                      0.56  -0.39     0.01
  SINCE OCT 1      8.17                     12.64  -4.47    16.79
  SINCE JAN 1      7.14                      8.56  -1.42    11.76

SNOWFALL (IN)
  TODAY            0.0          MM      MM
  MONTH TO DATE    0.0
  SINCE MAR 1      0.0
  SINCE JUL 1      0.0

DEGREE DAYS
 HEATING
  TODAY            0                         1     -1        0
  MONTH TO DATE    6                        33    -27       22
  SINCE MAR 1    415                       399     16      292
  SINCE JUL 1   1993                      2167   -174     1808

 COOLING
  TODAY            0                         6     -6        0
  MONTH TO DATE   77                       120    -43      174
  SINCE MAR 1    105                       164    -59      191
  SINCE JAN 1    105                       164    -59      191
..................................................................


WIND (MPH)
  RESULTANT WIND SPEED   8   RESULTANT WIND DIRECTION  NW (330)
  HIGHEST WIND SPEED    17   HIGHEST WIND DIRECTION     N (340)
  HIGHEST GUST SPEED    23   HIGHEST GUST DIRECTION     N (340)


SKY COVER
  POSSIBLE SUNSHINE  MM
  AVERAGE SKY COVER 0.3


WEATHER CONDITIONS
 THE FOLLOWING WEATHER WAS RECORDED TODAY.
  NO SIGNIFICANT WEATHER WAS OBSERVED.


RELATIVE HUMIDITY (PERCENT)
 HIGHEST    89           400 AM
 LOWEST     43           300 PM
 AVERAGE    66

..........................................................


THE MODESTO CA CLIMATE NORMALS FOR TOMORROW
                         NORMAL    RECORD    YEAR
 MAXIMUM TEMPERATURE (F)   85       100      1984
 MINIMUM TEMPERATURE (F)   57        46      1961


SUNRISE AND SUNSET
MAY 26 2018...........SUNRISE   547 AM PDT   SUNSET   816 PM PDT
MAY 27 2018...........SUNRISE   546 AM PDT   SUNSET   816 PM PDT


-  INDICATES NEGATIVE NUMBERS.
R  INDICATES RECORD WAS SET OR TIED.
MM INDICATES DATA IS MISSING.
T  INDICATES TRACE AMOUNT.




$$
