000
CDUS43 KBIS 240720
CLIMOT


CLIMATE REPORT
NATIONAL WEATHER SERVICE BISMARCK ND
220 AM CDT THU MAY 24 2018


...................................

...THE MINOT ND CLIMATE SUMMARY FOR MAY 23 2018...

CLIMATE NORMAL PERIOD 1981 TO 2010
CLIMATE RECORD PERIOD 1897 TO 2018


WEATHER ITEM   OBSERVED TIME   RECORD YEAR NORMAL DEPARTURE LAST
                VALUE   (LST)  VALUE       VALUE  FROM      YEAR
                                                  NORMAL
..................................................................
TEMPERATURE (F)
 YESTERDAY
  MAXIMUM         86    459 PM  91    2006  69     17       70
  MINIMUM         55    448 AM  22    1918  45     10       41
  AVERAGE         71                        57     14       56

PRECIPITATION (IN)
  YESTERDAY        0.01          0.90 1933   0.09  -0.08     0.00
  MONTH TO DATE    0.30                      1.75  -1.45     0.52
  SINCE MAR 1      0.95                      3.73  -2.78     1.12
  SINCE JAN 1      1.06                      4.64  -3.58     1.26

DEGREE DAYS
 COOLING
  YESTERDAY        6                         1      5        0
  MONTH TO DATE   21                         1     20        3
  SINCE MAR 1     22                         2     20        3
  SINCE JAN 1     22                         2     20        3
..................................................................


WIND (MPH)
  HIGHEST WIND SPEED    24   HIGHEST WIND DIRECTION    SE (120)
  HIGHEST GUST SPEED    29   HIGHEST GUST DIRECTION    SE (120)
  AVERAGE WIND SPEED     9.7


SKY COVER
  POSSIBLE SUNSHINE  MM
  AVERAGE SKY COVER 0.3


WEATHER CONDITIONS
 THE FOLLOWING WEATHER WAS RECORDED YESTERDAY.
  THUNDERSTORM


RELATIVE HUMIDITY (PERCENT)
 HIGHEST    86           400 AM
 LOWEST     37           500 PM
 AVERAGE    62

..........................................................


THE MINOT ND CLIMATE NORMALS FOR TODAY
                         NORMAL    RECORD    YEAR
 MAXIMUM TEMPERATURE (F)   69        91      1977
 MINIMUM TEMPERATURE (F)   46        24      1924


SUNRISE AND SUNSET
MAY 24 2018...........SUNRISE   555 AM CDT   SUNSET   929 PM CDT
MAY 25 2018...........SUNRISE   554 AM CDT   SUNSET   930 PM CDT


-  INDICATES NEGATIVE NUMBERS.
R  INDICATES RECORD WAS SET OR TIED.
MM INDICATES DATA IS MISSING.
T  INDICATES TRACE AMOUNT.




$$
