000
CDUS44 KHUN 200728
CLIMSL


CLIMATE REPORT
NATIONAL WEATHER SERVICE HUNTSVILLE AL
228 AM CDT FRI APR 20 2018


...................................

...THE MUSCLE SHOALS CLIMATE SUMMARY FOR APRIL 19 2018...

CLIMATE NORMAL PERIOD 1981 TO 2010
CLIMATE RECORD PERIOD 1893 TO 2018


WEATHER ITEM   OBSERVED TIME   RECORD YEAR NORMAL DEPARTURE LAST
                VALUE   (LST)  VALUE       VALUE  FROM      YEAR
                                                  NORMAL
..................................................................
TEMPERATURE (F)
 YESTERDAY
  MAXIMUM         64   1206 AM  91    2006  74    -10       85
  MINIMUM         45   1159 PM  33    1983  50     -5       61
                                      1953
                                      1936
  AVERAGE         55                        62     -7       73

PRECIPITATION (IN)
  YESTERDAY        0.00          2.00 1911   0.15  -0.15      T
  MONTH TO DATE    4.29                      2.76   1.53     1.69
  SINCE MAR 1      8.86                      7.52   1.34     6.69
  SINCE JAN 1     23.20                     16.79   6.41    13.93

SNOWFALL (IN)
  YESTERDAY        0.0
  MONTH TO DATE    0.0
  SINCE MAR 1      T
  SINCE JUL 1      0.6
  SNOW DEPTH       0

DEGREE DAYS
 HEATING
  YESTERDAY       10                         5      5        0
  MONTH TO DATE  172                       124     48       42
  SINCE MAR 1    559                       502     57      362
  SINCE JUL 1   2907                      3037   -130     2042

 COOLING
  YESTERDAY        0                         2     -2        8
  MONTH TO DATE   15                        26    -11       63
  SINCE MAR 1     24                        38    -14       88
  SINCE JAN 1     52                        39     13       96
..................................................................


WIND (MPH)
  HIGHEST WIND SPEED    15   HIGHEST WIND DIRECTION    NE (40)
  HIGHEST GUST SPEED    23   HIGHEST GUST DIRECTION    NW (330)
  AVERAGE WIND SPEED     9.3


SKY COVER
  POSSIBLE SUNSHINE  MM
  AVERAGE SKY COVER 0.2


WEATHER CONDITIONS
 THE FOLLOWING WEATHER WAS RECORDED YESTERDAY.
  NO SIGNIFICANT WEATHER WAS OBSERVED.


RELATIVE HUMIDITY (PERCENT)
 HIGHEST    62          1100 PM
 LOWEST     33           300 PM
 AVERAGE    48

..........................................................


THE MUSCLE SHOALS CLIMATE NORMALS FOR TODAY
                         NORMAL    RECORD    YEAR
 MAXIMUM TEMPERATURE (F)   75        89      2002
                                             1987
                                             1971
 MINIMUM TEMPERATURE (F)   51        31      1907


SUNRISE AND SUNSET
APRIL 20 2018.........SUNRISE   613 AM CDT   SUNSET   727 PM CDT
APRIL 21 2018.........SUNRISE   611 AM CDT   SUNSET   727 PM CDT


-  INDICATES NEGATIVE NUMBERS.
R  INDICATES RECORD WAS SET OR TIED.
MM INDICATES DATA IS MISSING.
T  INDICATES TRACE AMOUNT.




$$
