294
CDUS45 KMSO 210737
CLIMSO


CLIMATE REPORT
NATIONAL WEATHER SERVICE MISSOULA, MT
137 AM MDT MON MAY 21 2018


...................................

...THE MISSOULA MT CLIMATE SUMMARY FOR MAY 20 2018...

CLIMATE NORMAL PERIOD 1981 TO 2010
CLIMATE RECORD PERIOD 1893 TO 2018


WEATHER ITEM   OBSERVED TIME   RECORD YEAR NORMAL DEPARTURE LAST
                VALUE   (LST)  VALUE       VALUE  FROM      YEAR
                                                  NORMAL
..................................................................
TEMPERATURE (F)
 YESTERDAY
  MAXIMUM         75    338 PM  88    1958  69      6       69
  MINIMUM         42    539 AM  28    1989  41      1       43
  AVERAGE         59                        55      4       56

PRECIPITATION (IN)
  YESTERDAY        0.02          1.52 1901   0.07  -0.05      T
  MONTH TO DATE    1.25                      1.12   0.13     1.33
  SINCE OCT 1     10.55                      7.82   2.73    12.63
  SINCE JAN 1      6.73                      4.89   1.84     7.97

SNOWFALL (IN)
  YESTERDAY        0.0
  MONTH TO DATE    0.0
  SINCE JAN 1     25.9
  SINCE JUL 1     53.2
  SNOW DEPTH       0

DEGREE DAYS
 HEATING
  YESTERDAY        6                        10     -4        9
  MONTH TO DATE  176                       260    -84      282
  SINCE MAR 1   1683                      1654     29     1654
  SINCE JUL 1   7080                      7023     57     7430

 COOLING
  YESTERDAY        0                         0      0        0
  MONTH TO DATE    0                         0      0        0
  SINCE MAR 1      0                         0      0        0
  SINCE JAN 1      0                         0      0        0
..................................................................


WIND (MPH)
  HIGHEST WIND SPEED    26   HIGHEST WIND DIRECTION     E (90)
  HIGHEST GUST SPEED    33   HIGHEST GUST DIRECTION     E (100)
  AVERAGE WIND SPEED     5.5


SKY COVER
  POSSIBLE SUNSHINE  MM
  AVERAGE SKY COVER 0.1


WEATHER CONDITIONS
 THE FOLLOWING WEATHER WAS RECORDED YESTERDAY.
  LIGHT RAIN


RELATIVE HUMIDITY (PERCENT)
 HIGHEST    89           400 AM
 LOWEST     38           300 PM
 AVERAGE    64

..........................................................


THE MISSOULA MT CLIMATE NORMALS FOR TODAY
                         NORMAL    RECORD    YEAR
 MAXIMUM TEMPERATURE (F)   69        90      1928
                                             1919
 MINIMUM TEMPERATURE (F)   41        28      2009
                                             1960
                                             1953


SUNRISE AND SUNSET
MAY 21 2018...........SUNRISE   554 AM MDT   SUNSET   912 PM MDT
MAY 22 2018...........SUNRISE   553 AM MDT   SUNSET   913 PM MDT


-  INDICATES NEGATIVE NUMBERS.
R  INDICATES RECORD WAS SET OR TIED.
MM INDICATES DATA IS MISSING.
T  INDICATES TRACE AMOUNT.




$$
