000
CDUS41 KBTV 190526
CLIMSS


CLIMATE REPORT
NATIONAL WEATHER SERVICE BURLINGTON VT
125 AM EDT THU APR 19 2018


...................................

...THE MASSENA NY CLIMATE SUMMARY FOR APRIL 18 2018...

CLIMATE NORMAL PERIOD 1981 TO 2010
CLIMATE RECORD PERIOD 1948 TO 2018


WEATHER ITEM   OBSERVED TIME   RECORD YEAR NORMAL DEPARTURE LAST
                VALUE   (LST)  VALUE       VALUE  FROM      YEAR
                                                  NORMAL
..................................................................
TEMPERATURE (F)
 YESTERDAY
  MAXIMUM         45    258 PM  82    1976  56    -11       51
  MINIMUM         32    357 AM  25    1985  34     -2       27
  AVERAGE         39                        45     -6       39

PRECIPITATION (IN)
  YESTERDAY        0.02          0.86        0.10  -0.08     0.00
  MONTH TO DATE    2.02                      1.69   0.33     2.74
  SINCE MAR 1      2.96                      3.78  -0.82     4.86
  SINCE JAN 1      6.19                      7.73  -1.54     8.29

DEGREE DAYS
 HEATING
  YESTERDAY       26                        20      6       26
  MONTH TO DATE  560                       441    119      340
  SINCE MAR 1   1658                      1585     73     1596
  SINCE JUL 1   6856                      7572   -716     6522

 COOLING
  YESTERDAY        0                         0      0        0
  MONTH TO DATE    0                         0      0        0
  SINCE MAR 1      0                         0      0        0
  SINCE JAN 1      0                         0      0        0
..................................................................


WIND (MPH)
  HIGHEST WIND SPEED    20   HIGHEST WIND DIRECTION    SW (220)
  HIGHEST GUST SPEED    26   HIGHEST GUST DIRECTION    SW (220)
  AVERAGE WIND SPEED    11.4


SKY COVER
  AVERAGE SKY COVER 1.0


WEATHER CONDITIONS
 THE FOLLOWING WEATHER WAS RECORDED YESTERDAY.
  LIGHT RAIN
  LIGHT SNOW
  FOG


RELATIVE HUMIDITY (PERCENT)
 HIGHEST   100          1000 PM
 LOWEST     70           200 PM
 AVERAGE    85

..........................................................


THE MASSENA NY CLIMATE NORMALS FOR TODAY
                         NORMAL    RECORD    YEAR
 MAXIMUM TEMPERATURE (F)   56        81      1987
 MINIMUM TEMPERATURE (F)   35        19      1970


SUNRISE AND SUNSET
APRIL 19 2018.........SUNRISE   608 AM EDT   SUNSET   750 PM EDT
APRIL 20 2018.........SUNRISE   606 AM EDT   SUNSET   751 PM EDT


-  INDICATES NEGATIVE NUMBERS.
R  INDICATES RECORD WAS SET OR TIED.
MM INDICATES DATA IS MISSING.
T  INDICATES TRACE AMOUNT.




$$
