000
CDUS41 KBTV 250541
CLIMVL


CLIMATE REPORT
NATIONAL WEATHER SERVICE BURLINGTON VT
140 AM EDT FRI MAY 25 2018


...................................

...THE MORRISVILLE VT CLIMATE SUMMARY FOR MAY 24 2018...

CLIMATE NORMAL PERIOD 1981 TO 2010
CLIMATE RECORD PERIOD 9999 TO 9999


WEATHER ITEM   OBSERVED TIME   NORMAL DEPARTURE LAST
                VALUE   (LST)  VALUE  FROM      YEAR
                                      NORMAL
......................................................
TEMPERATURE (F)
 YESTERDAY
  MAXIMUM         72    452 PM  69      3       70
  MINIMUM         38    433 AM  44     -6       44
  AVERAGE         55            56     -1       57

PRECIPITATION (IN)
  YESTERDAY        0.00          0.12  -0.12     0.00
  MONTH TO DATE    2.30          2.37  -0.07     3.45
  SINCE MAR 1      8.84          6.44   2.40     8.19
  SINCE JAN 1     13.93         10.72   3.21    11.26

DEGREE DAYS
 HEATING
  YESTERDAY       10             9      1        8
  MONTH TO DATE  255           295    -40      358
  SINCE MAR 1   2245          2115    130     2248
  SINCE JUL 1   7850          8075   -225     7471

 COOLING
  YESTERDAY        0             0      0        0
  MONTH TO DATE    0             0      0        9
  SINCE MAR 1      0             1     -1        9
  SINCE JAN 1      0             1     -1        9
......................................................


WIND (MPH)
  HIGHEST WIND SPEED    17   HIGHEST WIND DIRECTION     N (10)
  HIGHEST GUST SPEED    24   HIGHEST GUST DIRECTION     N (360)
  AVERAGE WIND SPEED     4.4


SKY COVER
  AVERAGE SKY COVER 0.2


WEATHER CONDITIONS
 THE FOLLOWING WEATHER WAS RECORDED YESTERDAY.
  FOG


RELATIVE HUMIDITY (PERCENT)
 HIGHEST   100          1200 AM
 LOWEST     24           200 PM
 AVERAGE    62

..........................................................


THE MORRISVILLE VT CLIMATE NORMALS FOR TODAY
                         NORMAL    RECORD    YEAR
 MAXIMUM TEMPERATURE (F)   69        88      2010
 MINIMUM TEMPERATURE (F)   44        29      2002


SUNRISE AND SUNSET
MAY 25 2018...........SUNRISE   513 AM EDT   SUNSET   822 PM EDT
MAY 26 2018...........SUNRISE   513 AM EDT   SUNSET   823 PM EDT


-  INDICATES NEGATIVE NUMBERS.
R  INDICATES RECORD WAS SET OR TIED.
MM INDICATES DATA IS MISSING.
T  INDICATES TRACE AMOUNT.




$$
