662
CDUS46 KMTR 250827
CLINUQ


CLIMATE REPORT
NATIONAL WEATHER SERVICE SAN FRANCISCO BAY AREA
127 AM PDT FRI MAY 25 2018


...................................

...THE MOFFETT FIELD CLIMATE SUMMARY FOR MAY 24 2018...

CLIMATE NORMAL PERIOD 1981 TO 2010
CLIMATE RECORD PERIOD 1945 TO 2018


WEATHER ITEM   OBSERVED TIME   RECORD YEAR NORMAL DEPARTURE LAST
                VALUE   (LST)  VALUE       VALUE  FROM      YEAR
                                                  NORMAL
..................................................................
TEMPERATURE (F)
 YESTERDAY
  MAXIMUM         63    151 PM  96    1982  73    -10       71
  MINIMUM         54    610 AM  45    1972  54      0       55
  AVERAGE         59                        64     -5       63

PRECIPITATION (IN)
  YESTERDAY        T             0.14 1993   0.01  -0.01     0.00
  MONTH TO DATE    T                         0.41  -0.41     0.00
  SINCE OCT 1      8.20                     14.31  -6.11    18.13
  SINCE JAN 1      6.25                      9.47  -3.22    13.56

DEGREE DAYS
 HEATING
  YESTERDAY        6                                         2
  MONTH TO DATE   94                                        59
  SINCE MAR 1    582                                       456
  SINCE JUL 1   1993                                      1984

 COOLING
  YESTERDAY        0                                         0
  MONTH TO DATE    3                                        51
  SINCE MAR 1      8                                        53
  SINCE JAN 1      8                                        53
..................................................................


WIND (MPH)
  RESULTANT WIND SPEED   5   RESULTANT WIND DIRECTION  NW (310)
  HIGHEST WIND SPEED    16   HIGHEST WIND DIRECTION     W (270)
  HIGHEST GUST SPEED    19   HIGHEST GUST DIRECTION     W (280)
  AVERAGE WIND SPEED     6.6


SKY COVER
  POSSIBLE SUNSHINE  MM
  AVERAGE SKY COVER 1.0


WEATHER CONDITIONS
 THE FOLLOWING WEATHER WAS RECORDED YESTERDAY.
  NO SIGNIFICANT WEATHER WAS OBSERVED.


RELATIVE HUMIDITY (PERCENT)
 HIGHEST    83           600 AM
 LOWEST     62           700 PM
 AVERAGE    73

..........................................................


THE MOFFETT FIELD CLIMATE NORMALS FOR TODAY
                         NORMAL    RECORD    YEAR
 MAXIMUM TEMPERATURE (F)   73        93      1951
 MINIMUM TEMPERATURE (F)   54        44      1980


SUNRISE AND SUNSET
MAY 25 2018...........SUNRISE   552 AM PDT   SUNSET   819 PM PDT
MAY 26 2018...........SUNRISE   552 AM PDT   SUNSET   819 PM PDT


-  INDICATES NEGATIVE NUMBERS.
R  INDICATES RECORD WAS SET OR TIED.
MM INDICATES DATA IS MISSING.
T  INDICATES TRACE AMOUNT.




$$
