000
CDUS45 KPSR 240841
CLINYL

CLIMATE REPORT
NATIONAL WEATHER SERVICE PHOENIX AZ
140 AM MST TUE APR 24 2018


...................................

...THE YUMA AZ CLIMATE SUMMARY FOR APRIL 23 2018...

CLIMATE NORMAL PERIOD 1981 TO 2010
CLIMATE RECORD PERIOD 1876 TO 2018


WEATHER ITEM   OBSERVED TIME   RECORD YEAR NORMAL DEPARTURE LAST
                VALUE   (LST)  VALUE       VALUE  FROM      YEAR
                                                  NORMAL
..................................................................
TEMPERATURE (F)
 YESTERDAY
  MAXIMUM         96    258 PM 105    1910  88      8       98
  MINIMUM         64    534 AM  44    1923  61      3       65
  AVERAGE         80                        75      5       82

PRECIPITATION (IN)
  YESTERDAY        0.00          0.56 2005   0.00   0.00     0.00
  MONTH TO DATE    0.00                      0.13  -0.13     0.00
  SINCE OCT 1      0.25                      2.16  -1.91     2.51
  SINCE JAN 1      0.18                      1.22  -1.04     1.56

DEGREE DAYS
 HEATING
  YESTERDAY        0                         0      0        0
  MONTH TO DATE    0                        12    -12        0
  SINCE MAR 1     47                        62    -15       13
  SINCE JUL 1    406                       685   -279      526

 COOLING
  YESTERDAY       15                        10      5       17
  MONTH TO DATE  226                       174     52      248
  SINCE MAR 1    339                       291     48      478
  SINCE JAN 1    391                       327     64      519
..................................................................


WIND (MPH)
  HIGHEST WIND SPEED    12   HIGHEST WIND DIRECTION     S (160)
  HIGHEST GUST SPEED    14   HIGHEST GUST DIRECTION    SE (150)
  AVERAGE WIND SPEED     5.4


SKY COVER
  AVERAGE SKY COVER 0.1


WEATHER CONDITIONS
 THE FOLLOWING WEATHER WAS RECORDED YESTERDAY.
  NO SIGNIFICANT WEATHER WAS OBSERVED.


RELATIVE HUMIDITY (PERCENT)
 HIGHEST    37
 LOWEST     11
 AVERAGE    24

..........................................................


THE YUMA AZ CLIMATE NORMALS FOR TODAY
                         NORMAL    RECORD    YEAR
 MAXIMUM TEMPERATURE (F)   89       106      1910
 MINIMUM TEMPERATURE (F)   62        46      1923


SUNRISE AND SUNSET
APRIL 24 2018.........SUNRISE   559 AM MST   SUNSET   715 PM MST
APRIL 25 2018.........SUNRISE   558 AM MST   SUNSET   716 PM MST


-  INDICATES NEGATIVE NUMBERS.
R  INDICATES RECORD WAS SET OR TIED.
MM INDICATES DATA IS MISSING.
T  INDICATES TRACE AMOUNT.

$$
