000
CDUS43 KOAX 202143
CLIOFK


CLIMATE REPORT
NATIONAL WEATHER SERVICE OMAHA NEBRASKA
441 PM CDT SUN MAY 20 2018


...................................

...THE NORFOLK, NEBRASKA CLIMATE SUMMARY FOR MAY 20 2018...
VALID TODAY AS OF 0400 PM LOCAL TIME.

CLIMATE NORMAL PERIOD 1981 TO 2010
CLIMATE RECORD PERIOD 1888 TO 2018


WEATHER ITEM   OBSERVED TIME   RECORD YEAR NORMAL DEPARTURE LAST
                VALUE   (LST)  VALUE       VALUE  FROM      YEAR
                                                  NORMAL
..................................................................
TEMPERATURE (F)
 TODAY
  MAXIMUM         54    246 PM 101    1934  74    -20       48
  MINIMUM         51   1038 AM  29    1931  50      1       39
  AVERAGE         53                        62     -9       44

PRECIPITATION (IN)
  TODAY            0.04          2.42 1914   0.13  -0.09     0.28
  MONTH TO DATE    1.52                      2.42  -0.90     4.30
  SINCE MAR 1      4.47                      6.84  -2.37     9.34
  SINCE JAN 1      6.19                      8.19  -2.00    11.58

SNOWFALL (IN)
  TODAY            0.0                       0.0    0.0      0.0
  MONTH TO DATE    0.0                       0.3   -0.3      1.5
  SINCE JUL 1     45.2                      30.8   14.4     32.2
  SNOW DEPTH       0

DEGREE DAYS
 HEATING
  TODAY           12                         5      7       21
  MONTH TO DATE   99                       148    -49      148
  SINCE MAR 1   1669                      1478    191     1372
  SINCE JUL 1   6869                      6571    298     5827

 COOLING
  TODAY            0                         2     -2        0
  MONTH TO DATE   20                        24     -4       28
  SINCE MAR 1     29                        36     -7       28
  SINCE JAN 1     29                        36     -7       28
..................................................................


WIND (MPH)
  HIGHEST WIND SPEED    16   HIGHEST WIND DIRECTION    NE (040)
  HIGHEST GUST SPEED    23   HIGHEST GUST DIRECTION     N (020)
  AVERAGE WIND SPEED    10.5


SKY COVER
  POSSIBLE SUNSHINE  MM
  AVERAGE SKY COVER 1.0


WEATHER CONDITIONS
 THE FOLLOWING WEATHER WAS RECORDED TODAY.
  LIGHT RAIN
  FOG


RELATIVE HUMIDITY (PERCENT)
 HIGHEST   100          1200 AM
 LOWEST     89           800 AM
 AVERAGE    95

..........................................................


THE NORFOLK, NEBRASKA CLIMATE NORMALS FOR TOMORROW
                         NORMAL    RECORD    YEAR
 MAXIMUM TEMPERATURE (F)   74        93      1970
 MINIMUM TEMPERATURE (F)   50        29      1931


SUNRISE AND SUNSET
MAY 20 2018...........SUNRISE   605 AM CDT   SUNSET   848 PM CDT
MAY 21 2018...........SUNRISE   604 AM CDT   SUNSET   849 PM CDT


-  INDICATES NEGATIVE NUMBERS.
R  INDICATES RECORD WAS SET OR TIED.
MM INDICATES DATA IS MISSING.
T  INDICATES TRACE AMOUNT.




$$
