000
CDUS46 KSEW 250829
CLIOLM


CLIMATE REPORT
NATIONAL WEATHER SERVICE SEATTLE WA
129 AM PDT FRI MAY 25 2018


...................................

...THE OLYMPIA WA AIRPORT CLIMATE SUMMARY FOR MAY 24 2018...

CLIMATE NORMAL PERIOD 1981 TO 2010
CLIMATE RECORD PERIOD 1948 TO 2018


WEATHER ITEM   OBSERVED TIME   RECORD YEAR NORMAL DEPARTURE LAST
                VALUE   (LST)  VALUE       VALUE  FROM      YEAR
                                                  NORMAL
..................................................................
TEMPERATURE (F)
 YESTERDAY
  MAXIMUM         69    524 PM  89    1992  67      2       63
  MINIMUM         49   1159 PM  33    1980  45      4       44
                                      1964
                                      1950
  AVERAGE         59                        56      3       54

PRECIPITATION (IN)
  YESTERDAY        0.00          0.48 1953   0.07  -0.07     0.00
  MONTH TO DATE    0.15                      1.82  -1.67     2.98
  SINCE OCT 1     49.24                     44.45   4.79    60.95
  SINCE JAN 1     23.48                     23.76  -0.28    32.85

DEGREE DAYS
 HEATING
  YESTERDAY        6                         9     -3       11
  MONTH TO DATE  161                       277   -116      256
  SINCE MAR 1   1330                      1414    -84     1404
  SINCE JUL 1   4900                      5136   -236     5132

 COOLING
  YESTERDAY        0                         0      0        0
  MONTH TO DATE    3                         0      3        5
  SINCE MAR 1      3                         0      3        5
  SINCE JAN 1      3                         0      3        5
..................................................................


WIND (MPH)
  RESULTANT WIND SPEED   4   RESULTANT WIND DIRECTION  SW (230)
  HIGHEST WIND SPEED    14   HIGHEST WIND DIRECTION    SW (210)
  HIGHEST GUST SPEED    19   HIGHEST GUST DIRECTION    SW (210)
  AVERAGE WIND SPEED     6.9


SKY COVER
  AVERAGE SKY COVER 0.6


WEATHER CONDITIONS
 THE FOLLOWING WEATHER WAS RECORDED YESTERDAY.
  NO SIGNIFICANT WEATHER WAS OBSERVED.


RELATIVE HUMIDITY (PERCENT)
 HIGHEST    89           100 AM
 LOWEST     55           400 PM
 AVERAGE    72

..........................................................


THE OLYMPIA WA AIRPORT CLIMATE NORMALS FOR TODAY
                         NORMAL    RECORD    YEAR
 MAXIMUM TEMPERATURE (F)   67        83      1958
                                             1950
 MINIMUM TEMPERATURE (F)   45        30      1975


SUNRISE AND SUNSET
MAY 25 2018...........SUNRISE   526 AM PDT   SUNSET   852 PM PDT
MAY 26 2018...........SUNRISE   525 AM PDT   SUNSET   853 PM PDT


-  INDICATES NEGATIVE NUMBERS.
R  INDICATES RECORD WAS SET OR TIED.
MM INDICATES DATA IS MISSING.
T  INDICATES TRACE AMOUNT.




$$
