000
CDUS43 KOAX 260629
CLIOMA


CLIMATE REPORT
NATIONAL WEATHER SERVICE OMAHA NEBRASKA
126 AM CDT SAT MAY 26 2018


...................................

...THE OMAHA EPPLEY, NEBRASKA CLIMATE SUMMARY FOR MAY 25 2018...

CLIMATE NORMAL PERIOD 1981 TO 2010
CLIMATE RECORD PERIOD 1871 TO 2018


WEATHER ITEM   OBSERVED TIME   RECORD YEAR NORMAL DEPARTURE LAST
                VALUE   (LST)  VALUE       VALUE  FROM      YEAR
                                                  NORMAL
..................................................................
TEMPERATURE (F)
 YESTERDAY
  MAXIMUM         97R   332 PM  97    1967  77     20       77
  MINIMUM         68    516 AM  40    1925  54     14       49
  AVERAGE         83                        65     18       63

PRECIPITATION (IN)
  YESTERDAY        0.00          2.35 1904   0.15  -0.15      T
  MONTH TO DATE    1.88                      3.79  -1.91     4.32
  SINCE MAR 1      4.97                      8.74  -3.77     9.13
  SINCE JAN 1      6.71                     10.31  -3.60    11.03

SNOWFALL (IN)
  YESTERDAY        0.0                       0.0    0.0      0.0
  MONTH TO DATE    0.0                       0.1   -0.1       T
  SINCE JUL 1     17.0                      26.5   -9.5     11.4
  SNOW DEPTH       0

DEGREE DAYS
 HEATING
  YESTERDAY        0                         3     -3        2
  MONTH TO DATE   33                       134   -101      126
  SINCE MAR 1   1393                      1338     55     1107
  SINCE JUL 1   6040                      6136    -96     4934

 COOLING
  YESTERDAY       18                         3     15        0
  MONTH TO DATE  117                        44     73       69
  SINCE MAR 1    126                        60     66       77
  SINCE JAN 1    126                        60     66       77
..................................................................


WIND (MPH)
  HIGHEST WIND SPEED    14   HIGHEST WIND DIRECTION     S (160)
  HIGHEST GUST SPEED    17   HIGHEST GUST DIRECTION     W (250)
  AVERAGE WIND SPEED     5.5


SKY COVER
  POSSIBLE SUNSHINE  MM
  AVERAGE SKY COVER 0.6


WEATHER CONDITIONS
 THE FOLLOWING WEATHER WAS RECORDED YESTERDAY.
  NO SIGNIFICANT WEATHER WAS OBSERVED.


RELATIVE HUMIDITY (PERCENT)
 HIGHEST    84           700 AM
 LOWEST     28           300 PM
 AVERAGE    56

..........................................................


THE OMAHA EPPLEY, NEBRASKA CLIMATE NORMALS FOR TODAY
                         NORMAL    RECORD    YEAR
 MAXIMUM TEMPERATURE (F)   77        96      1912
 MINIMUM TEMPERATURE (F)   54        41      1992


SUNRISE AND SUNSET
MAY 26 2018...........SUNRISE   556 AM CDT   SUNSET   846 PM CDT
MAY 27 2018...........SUNRISE   555 AM CDT   SUNSET   847 PM CDT


-  INDICATES NEGATIVE NUMBERS.
R  INDICATES RECORD WAS SET OR TIED.
MM INDICATES DATA IS MISSING.
T  INDICATES TRACE AMOUNT.




$$
