000
CDUS46 KOTX 220824
CLIOMK


CLIMATE REPORT
NATIONAL WEATHER SERVICE SPOKANE, WA
121 AM PDT SUN APR 22 2018


...................................

...THE OMAK WA AIRPORT CLIMATE SUMMARY FOR APRIL 21 2018...

CLIMATE NORMAL PERIOD 1981 TO 2010
CLIMATE RECORD PERIOD 9999 TO 9999


WEATHER ITEM   OBSERVED TIME   RECORD YEAR NORMAL DEPARTURE LAST
                VALUE   (LST)  VALUE       VALUE  FROM      YEAR
                                                  NORMAL
..................................................................
TEMPERATURE (F)
 YESTERDAY
  MAXIMUM         63    126 PM  92    1934  65     -2       66
  MINIMUM         37   1159 PM  22    2008  37      0       34
  AVERAGE         50                        51     -1       50

PRECIPITATION (IN)
  YESTERDAY        0.00                      0.04  -0.04     0.00
  MONTH TO DATE    2.01                      0.71   1.30     2.64
  SINCE OCT 1     11.76                     10.09   1.67    15.06
  SINCE JAN 1      8.38                      5.20   3.18     8.58

DEGREE DAYS
 HEATING
  YESTERDAY       15                        14      1       15
  MONTH TO DATE  374                       335     39      369
  SINCE MAR 1   1116                      1064     52     1136
  SINCE JUL 1   5837                      5925    -88     6071

 COOLING
  YESTERDAY        0                         0      0        0
  MONTH TO DATE    0                         0      0        0
  SINCE MAR 1      0                         0      0        0
  SINCE JAN 1      0                         0      0        0
..................................................................


WIND (MPH)
  HIGHEST WIND SPEED    23   HIGHEST WIND DIRECTION     N (340)
  HIGHEST GUST SPEED    30   HIGHEST GUST DIRECTION     N (340)
  AVERAGE WIND SPEED    11.9


SKY COVER
  POSSIBLE SUNSHINE  MM
  AVERAGE SKY COVER 0.2


WEATHER CONDITIONS
 THE FOLLOWING WEATHER WAS RECORDED YESTERDAY.
  NO SIGNIFICANT WEATHER WAS OBSERVED.


RELATIVE HUMIDITY (PERCENT)
 HIGHEST    59          1100 PM
 LOWEST     16           100 PM
 AVERAGE    38

..........................................................


THE OMAK WA AIRPORT CLIMATE NORMALS FOR TODAY
                         NORMAL    RECORD    YEAR
 MAXIMUM TEMPERATURE (F)   65        93      1934
 MINIMUM TEMPERATURE (F)   38        21      1972


SUNRISE AND SUNSET
APRIL 22 2018.........SUNRISE   554 AM PDT   SUNSET   800 PM PDT
APRIL 23 2018.........SUNRISE   553 AM PDT   SUNSET   801 PM PDT


-  INDICATES NEGATIVE NUMBERS.
R  INDICATES RECORD WAS SET OR TIED.
MM INDICATES DATA IS MISSING.
T  INDICATES TRACE AMOUNT.




$$
