541
CDAK49 PAFG 200946
CLIOTZ

CLIMATE REPORT
NATIONAL WEATHER SERVICE FAIRBANKS AK
146 AM AKDT FRI APR 20 2018


...................................

...THE KOTZEBUE AK CLIMATE SUMMARY FOR APRIL 19 2018...

CLIMATE NORMAL PERIOD 1981 TO 2010
CLIMATE RECORD PERIOD 1920 TO 2018


WEATHER ITEM   OBSERVED TIME   RECORD YEAR NORMAL DEPARTURE LAST
                VALUE   (LST)  VALUE       VALUE  FROM      YEAR
                                                  NORMAL
..................................................................
TEMPERATURE (F)
 YESTERDAY
  MAXIMUM         34    219 PM  41    1983  23     11       38
  MINIMUM         15    658 AM -23    1985   8      7       13
  AVERAGE         25                        16      9       26

PRECIPITATION (IN)
  YESTERDAY       MM             0.14 2015   0.02  MM        0.00
  MONTH TO DATE    0.03                      0.32  -0.29     0.05
  SINCE MAR 1      2.08                      0.76   1.32     0.08
  SINCE JAN 1      3.46                      2.04   1.42     1.67

SNOWFALL (IN)
  YESTERDAY       MM             1.8  1955   0.2   MM        0.0
  MONTH TO DATE    0.2                       3.5   -3.3      1.3
  SINCE MAR 1     24.5                       9.4   15.1      2.0
  SINCE JUL 1    103.9                      57.0   46.9     52.2
  SNOW DEPTH      MM

DEGREE DAYS
 HEATING
  YESTERDAY       40                        49     -9       39
  MONTH TO DATE  888                      1054   -166      845
  SINCE MAR 1   2499                      3036   -537     3014
  SINCE JUL 1  11185                     13281  -2096    11873

 COOLING
  YESTERDAY        0                         0      0        0
  MONTH TO DATE    0                         0      0        0
  SINCE MAR 1      0                         0      0        0
  SINCE JAN 1      0                         0      0        0
..................................................................


WIND (MPH)
  HIGHEST GUST SPEED    26   HIGHEST GUST DIRECTION     N (10)


SKY COVER
  AVERAGE SKY COVER 0.0


WEATHER CONDITIONS
 THE FOLLOWING WEATHER WAS RECORDED YESTERDAY.
  NO SIGNIFICANT WEATHER WAS OBSERVED.


RELATIVE HUMIDITY (PERCENT)
 HIGHEST    78
 LOWEST     50
 AVERAGE    64

..........................................................


THE KOTZEBUE AK CLIMATE NORMALS FOR TODAY
                         NORMAL    RECORD    YEAR
 MAXIMUM TEMPERATURE (F)   24        42      2016
                                             1983
 MINIMUM TEMPERATURE (F)    9       -18      1929


SUNRISE AND SUNSET
APRIL 20 2018.........SUNRISE   644 AM AKDT  SUNSET  1058 PM AKDT
APRIL 21 2018.........SUNRISE   640 AM AKDT  SUNSET  1101 PM AKDT

-  INDICATES NEGATIVE NUMBERS.
R  INDICATES RECORD WAS SET OR TIED.
MM INDICATES DATA IS MISSING.
T  INDICATES TRACE AMOUNT.

&&

SNOW DEPTH IS MEASURED AT 3AM AKST/4AM AKDT.

----------------------------
AVAILABLE DAYLIGHT

AMOUNT OF DAYLIGHT TODAY  (HOUR:MIN)........16:13
GAIN/LOSS SINCE YESTERDAY (HOUR:MIN:SEC)....+0:07:50

$$
AY APR 18
