000
CDUS46 KPQR 201149
CLIPDX


CLIMATE REPORT
NATIONAL WEATHER SERVICE PORTLAND OREGON
449 AM PDT FRI APR 20 2018


...................................

...THE PORTLAND OR CLIMATE SUMMARY FOR APRIL 19 2018...

CLIMATE NORMAL PERIOD 1981 TO 2010
CLIMATE RECORD PERIOD 1940 TO 2018


WEATHER ITEM   OBSERVED TIME   RECORD YEAR NORMAL DEPARTURE LAST
                VALUE   (LST)  VALUE       VALUE  FROM      YEAR
                                                  NORMAL
..................................................................
TEMPERATURE (F)
 YESTERDAY
  MAXIMUM         68    451 PM  89    2016  62      6       56
  MINIMUM         39    553 AM  31    1982  43     -4       47
  AVERAGE         54                        53      1       52

PRECIPITATION (IN)
  YESTERDAY        0.00          1.01 1965   0.10  -0.10     0.43
  MONTH TO DATE    3.24                      1.82   1.42     2.48
  SINCE OCT 1     27.06                     28.16  -1.10    43.98
  SINCE JAN 1     12.96                     14.04  -1.08    24.23

SNOWFALL (IN)
  YESTERDAY        0.0           T    1968
  MONTH TO DATE    T
  SINCE MAR 1      T
  SINCE JUL 1      7.6

DEGREE DAYS
 HEATING
  YESTERDAY       11                        12     -1       13
  MONTH TO DATE  258                       259     -1      275
  SINCE MAR 1    804                       781     23      805
  SINCE JUL 1   3725                      3839   -114     4010

 COOLING
  YESTERDAY        0                         0      0        0
  MONTH TO DATE    0                         0      0        0
  SINCE MAR 1      0                         0      0        0
  SINCE JAN 1      0                         0      0        0
..................................................................


WIND (MPH)
  HIGHEST WIND SPEED    13   HIGHEST WIND DIRECTION    NW (310)
  HIGHEST GUST SPEED    17   HIGHEST GUST DIRECTION    NW (300)
  AVERAGE WIND SPEED     4.6


SKY COVER
  POSSIBLE SUNSHINE  MM
  AVERAGE SKY COVER 0.2


WEATHER CONDITIONS
 THE FOLLOWING WEATHER WAS RECORDED YESTERDAY.
  NO SIGNIFICANT WEATHER WAS OBSERVED.


RELATIVE HUMIDITY (PERCENT)
 HIGHEST    92           600 AM
 LOWEST     24           400 PM
 AVERAGE    58

..........................................................


THE PORTLAND OR CLIMATE NORMALS FOR TODAY
                         NORMAL    RECORD    YEAR
 MAXIMUM TEMPERATURE (F)   62        84      1956
 MINIMUM TEMPERATURE (F)   44        33      1975


SUNRISE AND SUNSET
APRIL 20 2018.........SUNRISE   616 AM PDT   SUNSET   803 PM PDT
APRIL 21 2018.........SUNRISE   614 AM PDT   SUNSET   805 PM PDT


-  INDICATES NEGATIVE NUMBERS.
R  INDICATES RECORD WAS SET OR TIED.
MM INDICATES DATA IS MISSING.
T  INDICATES TRACE AMOUNT.




$$
