000
CDUS41 KPBZ 240701
CLIPHD


CLIMATE REPORT
NATIONAL WEATHER SERVICE PITTSBURGH PA
300 AM EDT TUE APR 24 2018


...................................

...THE NEW PHILADELPHIA OH CLIMATE SUMMARY FOR APRIL 23 2018...

CLIMATE NORMAL PERIOD 1981 TO 2010
CLIMATE RECORD PERIOD 1948 TO 2018


WEATHER ITEM   OBSERVED TIME   RECORD YEAR NORMAL DEPARTURE LAST
                VALUE   (LST)  VALUE       VALUE  FROM      YEAR
                                                  NORMAL
..................................................................
TEMPERATURE (F)
 YESTERDAY
  MAXIMUM         74    322 PM  88    1985  66      8       70
  MINIMUM         44            24    1982  41      3       34
  AVERAGE         59                        53      6       52

PRECIPITATION (IN)
  YESTERDAY        0.00          1.75 2007   0.11  -0.11     0.00
  MONTH TO DATE    4.14                      2.55   1.59     2.86
  SINCE JUN 1     34.54                     33.85   0.69    34.11
  SINCE JAN 1     14.02                     10.55   3.47    13.53

DEGREE DAYS
 HEATING
  YESTERDAY        6                        12     -6       13
  MONTH TO DATE  462                       354    108      242
  SINCE MAR 1   1362                      1133    229      995
  SINCE JUL 1   5452                      5340    112     4492

 COOLING
  YESTERDAY        0                         0      0        0
  MONTH TO DATE    8                         0      8       16
  SINCE MAR 1      8                         1      7       16
  SINCE JAN 1     13                         1     12       16
..................................................................


WIND (MPH)
  HIGHEST WIND SPEED    18   HIGHEST WIND DIRECTION    SE (130)
  HIGHEST GUST SPEED    24   HIGHEST GUST DIRECTION    SW (210)
  AVERAGE WIND SPEED     6.9


SKY COVER
  POSSIBLE SUNSHINE  MM
  AVERAGE SKY COVER 0.3


WEATHER CONDITIONS
 THE FOLLOWING WEATHER WAS RECORDED YESTERDAY.
  NO SIGNIFICANT WEATHER WAS OBSERVED.


RELATIVE HUMIDITY (PERCENT)
 HIGHEST    76           100 AM
 LOWEST     28           500 PM
 AVERAGE    52

..........................................................


THE NEW PHILADELPHIA OH CLIMATE NORMALS FOR TODAY
                         NORMAL    RECORD    YEAR
 MAXIMUM TEMPERATURE (F)   66        90      1985
 MINIMUM TEMPERATURE (F)   41        26      2015
                                             1986


SUNRISE AND SUNSET
APRIL 24 2018.........SUNRISE   634 AM EDT   SUNSET   814 PM EDT
APRIL 25 2018.........SUNRISE   633 AM EDT   SUNSET   815 PM EDT


-  INDICATES NEGATIVE NUMBERS.
R  INDICATES RECORD WAS SET OR TIED.
MM INDICATES DATA IS MISSING.
T  INDICATES TRACE AMOUNT.




$$
