000
CDUS41 KPHI 260554
CLIPHL


CLIMATE REPORT
NATIONAL WEATHER SERVICE MOUNT HOLLY NJ
154 AM EDT THU APR 26 2018


...................................

...THE PHILADELPHIA PA CLIMATE SUMMARY FOR APRIL 25 2018...

CLIMATE NORMAL PERIOD 1981 TO 2010
CLIMATE RECORD PERIOD 1872 TO 2018


WEATHER ITEM   OBSERVED TIME   RECORD YEAR NORMAL DEPARTURE LAST
                VALUE   (LST)  VALUE       VALUE  FROM      YEAR
                                                  NORMAL
..................................................................
TEMPERATURE (F)
 YESTERDAY
  MAXIMUM         68    338 PM  92    1960  67      1       57
  MINIMUM         53    141 AM  33    1956  47      6       52
                                      1888
  AVERAGE         61                        57      4       55

PRECIPITATION (IN)
  YESTERDAY        0.16          2.11 1874   0.11   0.05     0.60
  MONTH TO DATE    3.40                      3.00   0.40     3.07
  SINCE MAR 1      8.14                      6.79   1.35     7.33
  SINCE JAN 1     17.01                     12.47   4.54    11.54

SNOWFALL (IN)
  YESTERDAY        0.0           T    1919   0.0    0.0      0.0
                                      1892
  MONTH TO DATE    T                         0.5   -0.5      0.0
  SINCE MAR 1     15.2                       3.4   11.8      7.0
  SINCE JUL 1     29.8                      22.4    7.4     15.0
  SNOW DEPTH       0

DEGREE DAYS
 HEATING
  YESTERDAY        4                         8     -4       10
  MONTH TO DATE  393                       306     87      195
  SINCE MAR 1   1156                       971    185      898
  SINCE JUL 1   4316                      4453   -137     3724

 COOLING
  YESTERDAY        0                         1     -1        0
  MONTH TO DATE    8                         7      1       13
  SINCE MAR 1      8                         8      0       13
  SINCE JAN 1      8                         8      0       13
..................................................................


WIND (MPH)
  HIGHEST WIND SPEED    15   HIGHEST WIND DIRECTION     E (90)
  HIGHEST GUST SPEED    22   HIGHEST GUST DIRECTION    NW (330)
  AVERAGE WIND SPEED     9.0


SKY COVER
  POSSIBLE SUNSHINE  MM
  AVERAGE SKY COVER 0.9


WEATHER CONDITIONS
 THE FOLLOWING WEATHER WAS RECORDED YESTERDAY.
  LIGHT RAIN
  FOG


RELATIVE HUMIDITY (PERCENT)
 HIGHEST   100           200 AM
 LOWEST     73           300 PM
 AVERAGE    87

..........................................................


THE PHILADELPHIA PA CLIMATE NORMALS FOR TODAY
                         NORMAL    RECORD    YEAR
 MAXIMUM TEMPERATURE (F)   68        93      2009
 MINIMUM TEMPERATURE (F)   48        35      1967
                                             1919


SUNRISE AND SUNSET
APRIL 26 2018.........SUNRISE   608 AM EDT   SUNSET   750 PM EDT
APRIL 27 2018.........SUNRISE   606 AM EDT   SUNSET   751 PM EDT


-  INDICATES NEGATIVE NUMBERS.
R  INDICATES RECORD WAS SET OR TIED.
MM INDICATES DATA IS MISSING.
T  INDICATES TRACE AMOUNT.




$$
