000
CDUS43 KUNR 220851
CLIPHP


CLIMATE REPORT
NATIONAL WEATHER SERVICE RAPID CITY SD
247 AM MDT TUE MAY 22 2018


...................................

...THE PHILIP SD CLIMATE SUMMARY FOR MAY 21 2018...

CLIMATE NORMAL PERIOD 1981 TO 2010
CLIMATE RECORD PERIOD 9999 TO 9999


WEATHER ITEM   OBSERVED TIME   NORMAL DEPARTURE LAST
                VALUE   (LST)  VALUE  FROM      YEAR
                                      NORMAL
......................................................
TEMPERATURE (F)
 YESTERDAY
  MAXIMUM         77    401 PM  72      5       71
  MINIMUM         37    442 AM  46     -9       29
  AVERAGE         57            59     -2       50

PRECIPITATION (IN)
  YESTERDAY        0.00          0.10  -0.10     0.01
  MONTH TO DATE    1.31          2.05  -0.74     0.95
  SINCE MAR 1      4.29          5.16  -0.87     3.51
  SINCE JAN 1      5.72          5.94  -0.22     4.58

DEGREE DAYS
 HEATING
  YESTERDAY        8             7      1       15
  MONTH TO DATE  154           213    -59      182
  SINCE MAR 1   1933          1715    218     1514
  SINCE JUL 1   7473          7080    393     6574

 COOLING
  YESTERDAY        0             1     -1        0
  MONTH TO DATE   15            16     -1       13
  SINCE MAR 1     15            19     -4       13
  SINCE JAN 1     15            19     -4       13
......................................................


WIND (MPH)
  HIGHEST WIND SPEED    15   HIGHEST WIND DIRECTION     E (110)
  HIGHEST GUST SPEED    20   HIGHEST GUST DIRECTION    SE (120)
  AVERAGE WIND SPEED     6.8


SKY COVER
  AVERAGE SKY COVER 0.0


WEATHER CONDITIONS
 THE FOLLOWING WEATHER WAS RECORDED YESTERDAY.
  NO SIGNIFICANT WEATHER WAS OBSERVED.


RELATIVE HUMIDITY (PERCENT)
 HIGHEST   100           500 AM
 LOWEST     43           200 PM
 AVERAGE    72

..........................................................




SUNRISE AND SUNSET
MAY 22 2018...........SUNRISE   513 AM MDT   SUNSET   813 PM MDT
MAY 23 2018...........SUNRISE   512 AM MDT   SUNSET   814 PM MDT


-  INDICATES NEGATIVE NUMBERS.
R  INDICATES RECORD WAS SET OR TIED.
MM INDICATES DATA IS MISSING.
T  INDICATES TRACE AMOUNT.




$$
