000
CDUS45 KPIH 212325
CLIPIH


CLIMATE REPORT
NATIONAL WEATHER SERVICE POCATELLO ID
523 PM MDT SAT APR 21 2018


...................................

...THE POCATELLO ID CLIMATE SUMMARY FOR APRIL 21 2018...
VALID TODAY AS OF 0500 PM LOCAL TIME.

CLIMATE NORMAL PERIOD 1981 TO 2010
CLIMATE RECORD PERIOD 1939 TO 2018


WEATHER ITEM   OBSERVED TIME   RECORD YEAR NORMAL DEPARTURE LAST
                VALUE   (LST)  VALUE       VALUE  FROM      YEAR
                                                  NORMAL
..................................................................
TEMPERATURE (F)
 TODAY
  MAXIMUM         72    356 PM  86    1994  60     12       53
  MINIMUM         38    551 AM  15    2008  34      4       32
  AVERAGE         55                        47      8       43

PRECIPITATION (IN)
  TODAY            0.00          0.50 2010   0.04  -0.04      T
  MONTH TO DATE    0.78                      0.76   0.02     1.93
  SINCE OCT 1      6.81                      7.20  -0.39    15.38
  SINCE JAN 1      4.02                      3.98   0.04     8.82

SNOWFALL (IN)
  TODAY            0.0
  MONTH TO DATE    T
  SINCE MAR 1      8.3
  SINCE JUL 1     30.5
  SNOW DEPTH       0

DEGREE DAYS
 HEATING
  TODAY           10                        18     -8       22
  MONTH TO DATE  379                       430    -51      417
  SINCE MAR 1   1190                      1269    -79     1085
  SINCE JUL 1   5898                      6542   -644     6334

 COOLING
  TODAY            0                         0      0        0
  MONTH TO DATE    0                         0      0        0
  SINCE MAR 1      0                         0      0        0
  SINCE JAN 1      0                         0      0        0
..................................................................


WIND (MPH)
  HIGHEST WIND SPEED    23   HIGHEST WIND DIRECTION     W (250)
  HIGHEST GUST SPEED    29   HIGHEST GUST DIRECTION     W (260)
  AVERAGE WIND SPEED    12.5


SKY COVER
  POSSIBLE SUNSHINE  MM
  AVERAGE SKY COVER 0.1


WEATHER CONDITIONS
 THE FOLLOWING WEATHER WAS RECORDED TODAY.
  NO SIGNIFICANT WEATHER WAS OBSERVED.


RELATIVE HUMIDITY (PERCENT)
 HIGHEST    54           600 AM
 LOWEST     22           100 PM
 AVERAGE    38

..........................................................


THE POCATELLO ID CLIMATE NORMALS FOR TOMORROW
                         NORMAL    RECORD    YEAR
 MAXIMUM TEMPERATURE (F)   60        85      2012
 MINIMUM TEMPERATURE (F)   34        21      2008


SUNRISE AND SUNSET
APRIL 21 2018.........SUNRISE   639 AM MDT   SUNSET   820 PM MDT
APRIL 22 2018.........SUNRISE   637 AM MDT   SUNSET   821 PM MDT


-  INDICATES NEGATIVE NUMBERS.
R  INDICATES RECORD WAS SET OR TIED.
MM INDICATES DATA IS MISSING.
T  INDICATES TRACE AMOUNT.




$$
