000
CDUS46 KMFR 210827
CLIRBG


CLIMATE REPORT
NATIONAL WEATHER SERVICE MEDFORD, OR
127 AM PDT MON MAY 21 2018


...................................

...THE ROSEBURG OR CLIMATE SUMMARY FOR MAY 20 2018...

CLIMATE NORMAL PERIOD 1981 TO 2010
CLIMATE RECORD PERIOD 1931 TO 2018


WEATHER ITEM   OBSERVED TIME   RECORD YEAR NORMAL DEPARTURE LAST
                VALUE   (LST)  VALUE       VALUE  FROM      YEAR
                                                  NORMAL
..................................................................
TEMPERATURE (F)
 YESTERDAY
  MAXIMUM         69    354 PM  94    1963  71     -2       77
  MINIMUM         51    559 AM  36    1959  48      3       50
  AVERAGE         60                        59      1       64

PRECIPITATION (IN)
  YESTERDAY        0.00          0.69 2002   0.07  -0.07     0.00
  MONTH TO DATE    0.27                      1.54  -1.27     1.14
  SINCE OCT 1     21.04                     32.55 -11.51    41.55
  SINCE JAN 1     12.67                     16.90  -4.23    22.63

SNOWFALL (IN)
  YESTERDAY       MM                        MM     MM       MM
  MONTH TO DATE    0.0                      MM     MM       MM
  SINCE JUL 1      0.0                      MM     MM       MM
  SNOW DEPTH      MM

DEGREE DAYS
 HEATING
  YESTERDAY        5                         6     -1        1
  MONTH TO DATE   58                       157    -99      145
  SINCE MAR 1    926                      1052   -126      958
  SINCE JUL 1   3680                      3921   -241     3674

 COOLING
  YESTERDAY        0                         1     -1        0
  MONTH TO DATE   10                         8      2       13
  SINCE MAR 1     16                         9      7       13
  SINCE JAN 1     16                         9      7       13
..................................................................


WIND (MPH)
  RESULTANT WIND SPEED   4   RESULTANT WIND DIRECTION   N (350)
  HIGHEST WIND SPEED    12   HIGHEST WIND DIRECTION    NW (330)
  HIGHEST GUST SPEED    17   HIGHEST GUST DIRECTION    NW (330)
  AVERAGE WIND SPEED     5.1


SKY COVER
  POSSIBLE SUNSHINE  MM
  AVERAGE SKY COVER 0.7


WEATHER CONDITIONS
 THE FOLLOWING WEATHER WAS RECORDED YESTERDAY.
  FOG
  HAZE


RELATIVE HUMIDITY (PERCENT)
 HIGHEST    89           600 AM
 LOWEST     42           500 PM
 AVERAGE    66

..........................................................


THE ROSEBURG OR CLIMATE NORMALS FOR TODAY
                         NORMAL    RECORD    YEAR
 MAXIMUM TEMPERATURE (F)   71        88      2001
                                             1958
                                             1951
 MINIMUM TEMPERATURE (F)   48        36      1960


SUNRISE AND SUNSET
MAY 21 2018...........SUNRISE   544 AM PDT   SUNSET   837 PM PDT
MAY 22 2018...........SUNRISE   543 AM PDT   SUNSET   838 PM PDT


-  INDICATES NEGATIVE NUMBERS.
R  INDICATES RECORD WAS SET OR TIED.
MM INDICATES DATA IS MISSING.
T  INDICATES TRACE AMOUNT.




$$
