000
CDUS41 KPHI 250552
CLIRDG


CLIMATE REPORT
NATIONAL WEATHER SERVICE MOUNT HOLLY NJ
152 AM EDT WED APR 25 2018


...................................

...THE READING PA CLIMATE SUMMARY FOR APRIL 24 2018...

CLIMATE NORMAL PERIOD 1981 TO 2010
CLIMATE RECORD PERIOD 1869 TO 2018


WEATHER ITEM   OBSERVED TIME   RECORD YEAR NORMAL DEPARTURE LAST
                VALUE   (LST)  VALUE       VALUE  FROM      YEAR
                                                  NORMAL
..................................................................
TEMPERATURE (F)
 YESTERDAY
  MAXIMUM         66   1248 PM  90    1960  66      0       61
  MINIMUM         41    413 AM  29    1989  43     -2       46
                                      1971
                                      1930
  AVERAGE         54                        54      0       54

PRECIPITATION (IN)
  YESTERDAY        0.10          2.00 1968   0.11  -0.01     0.04
  MONTH TO DATE    2.31                      3.10  -0.79     1.89
  SINCE MAR 1      4.99                      6.58  -1.59     5.91
  SINCE JAN 1     13.77                     12.11   1.66     9.30

DEGREE DAYS
 HEATING
  YESTERDAY       11                        11      0       11
  MONTH TO DATE  455                       351    104      218
  SINCE MAR 1   1279                      1094    185     1012
  SINCE JUL 1   5068                      5136    -68     4374

 COOLING
  YESTERDAY        0                         0      0        0
  MONTH TO DATE   10                         0     10        7
  SINCE MAR 1     10                         0     10        7
  SINCE JAN 1     11                         0     11        7
..................................................................


WIND (MPH)
  HIGHEST WIND SPEED    20   HIGHEST WIND DIRECTION    SE (130)
  HIGHEST GUST SPEED    27   HIGHEST GUST DIRECTION     S (160)
  AVERAGE WIND SPEED     9.1


SKY COVER
  POSSIBLE SUNSHINE  MM
  AVERAGE SKY COVER 0.4


WEATHER CONDITIONS
 THE FOLLOWING WEATHER WAS RECORDED YESTERDAY.
  LIGHT RAIN
  FOG


RELATIVE HUMIDITY (PERCENT)
 HIGHEST   100          1100 PM
 LOWEST     42          1200 PM
 AVERAGE    71

..........................................................


THE READING PA CLIMATE NORMALS FOR TODAY
                         NORMAL    RECORD    YEAR
 MAXIMUM TEMPERATURE (F)   66        94      1915
 MINIMUM TEMPERATURE (F)   43        31      2015
                                             1999
                                             1956


SUNRISE AND SUNSET
APRIL 25 2018.........SUNRISE   611 AM EDT   SUNSET   753 PM EDT
APRIL 26 2018.........SUNRISE   610 AM EDT   SUNSET   754 PM EDT


-  INDICATES NEGATIVE NUMBERS.
R  INDICATES RECORD WAS SET OR TIED.
MM INDICATES DATA IS MISSING.
T  INDICATES TRACE AMOUNT.




$$
