000
CDUS45 KPIH 232328
CLIRXE


CLIMATE REPORT
NATIONAL WEATHER SERVICE POCATELLO ID
525 PM MDT WED MAY 23 2018


...................................

...THE REXBURG ID CLIMATE SUMMARY FOR MAY 23 2018...
VALID TODAY AS OF 0500 PM LOCAL TIME.

CLIMATE NORMAL PERIOD 1981 TO 2010
CLIMATE RECORD PERIOD 1998 TO 2018


WEATHER ITEM   OBSERVED TIME   RECORD YEAR NORMAL DEPARTURE LAST
                VALUE   (LST)  VALUE       VALUE  FROM      YEAR
                                                  NORMAL
..................................................................
TEMPERATURE (F)
 TODAY
  MAXIMUM         58    309 PM  84    2003  68    -10       75
  MINIMUM         50    959 AM  32    2010  41      9       40
                                      2007
  AVERAGE         54                        54      0       58

PRECIPITATION (IN)
  TODAY            0.63         MM      MM   0.05   0.58     0.00
  MONTH TO DATE    1.60                      1.25   0.35     0.80
  SINCE OCT 1      9.97                      8.57   1.40    11.81
  SINCE JAN 1      7.87                      5.36   2.51     6.05

SNOWFALL (IN)
  TODAY           MM
  MONTH TO DATE   MM
  SINCE MAR 1     MM
  SINCE JUL 1     MM
  SNOW DEPTH      MM

DEGREE DAYS
 HEATING
  TODAY           11                        11      0        7
  MONTH TO DATE  232                       316    -84      274
  SINCE MAR 1   1807                      1908   -101     1671
  SINCE JUL 1   7264                      7881   -617     7466

 COOLING
  TODAY            0                         0      0        0
  MONTH TO DATE    0                         0      0        0
  SINCE MAR 1      0                         0      0        0
  SINCE JAN 1      0                         0      0        0
..................................................................


WIND (MPH)
  HIGHEST WIND SPEED    14   HIGHEST WIND DIRECTION     S (180)
  HIGHEST GUST SPEED    18   HIGHEST GUST DIRECTION     S (190)
  AVERAGE WIND SPEED     5.4


SKY COVER
  POSSIBLE SUNSHINE  MM
  AVERAGE SKY COVER 1.0


WEATHER CONDITIONS
 THE FOLLOWING WEATHER WAS RECORDED TODAY.
  THUNDERSTORM
  RAIN
  LIGHT RAIN
  FOG


RELATIVE HUMIDITY (PERCENT)
 HIGHEST    93          1000 AM
 LOWEST     72          1200 AM
 AVERAGE    83

..........................................................


THE REXBURG ID CLIMATE NORMALS FOR TOMORROW
                         NORMAL    RECORD    YEAR
 MAXIMUM TEMPERATURE (F)   68        87      2003
 MINIMUM TEMPERATURE (F)   41        31      2012


SUNRISE AND SUNSET
MAY 23 2018...........SUNRISE   554 AM MDT   SUNSET   855 PM MDT
MAY 24 2018...........SUNRISE   553 AM MDT   SUNSET   856 PM MDT


-  INDICATES NEGATIVE NUMBERS.
R  INDICATES RECORD WAS SET OR TIED.
MM INDICATES DATA IS MISSING.
T  INDICATES TRACE AMOUNT.




$$
