106
CDUS46 KSTO 220841
CLISAC

CLIMATE REPORT
NATIONAL WEATHER SERVICE SACRAMENTO, CA
140 AM PDT SUN APR 22 2018


...................................

...THE SACRAMENTO EXEC. AIRPORT CA CLIMATE SUMMARY FOR APRIL 21 2018...

CLIMATE NORMAL PERIOD 1981 TO 2010
CLIMATE RECORD PERIOD 1930 TO 2018


WEATHER ITEM   OBSERVED TIME   RECORD YEAR NORMAL DEPARTURE LAST
                VALUE   (LST)  VALUE       VALUE  FROM      YEAR
                                                  NORMAL
..................................................................
TEMPERATURE (F)
 YESTERDAY
  MAXIMUM         82    348 PM  94    2009  73      9       78
  MINIMUM         48    426 AM  34    1963  47      1       50
  AVERAGE         65

PRECIPITATION (IN)
  YESTERDAY        0.00          0.74 1955   0.03  -0.03     0.00
  MONTH TO DATE    2.00                      0.87   1.13     2.93
  SINCE OCT 1     15.36                     17.01  -1.65    32.93
  SINCE JAN 1     12.94                     10.73   2.21    23.48

SNOWFALL (IN)
  YESTERDAY        0.0          MM      MM   0.0             0.0
  MONTH TO DATE    0.0                       0.0             0.0
  SINCE MAR 1      0.0                       0.0             0.0
  SINCE JUL 1      0.0                       0.0             0.0

DEGREE DAYS
 HEATING
  YESTERDAY        0

 COOLING
  YESTERDAY        0
..................................................................


WIND (MPH)
  RESULTANT WIND SPEED   1   RESULTANT WIND DIRECTION   S (190)
  HIGHEST WIND SPEED    10   HIGHEST WIND DIRECTION     N (360)
  HIGHEST GUST SPEED    13   HIGHEST GUST DIRECTION     N (350)


SKY COVER
  POSSIBLE SUNSHINE  MM
  AVERAGE SKY COVER 0.0


WEATHER CONDITIONS
 THE FOLLOWING WEATHER WAS RECORDED YESTERDAY.
  NO SIGNIFICANT WEATHER WAS OBSERVED.


RELATIVE HUMIDITY (PERCENT)
 HIGHEST    93
 LOWEST     35
 AVERAGE    64

..........................................................


THE SACRAMENTO EXEC. AIRPORT CA CLIMATE NORMALS FOR TODAY
                         NORMAL    RECORD    YEAR
 MAXIMUM TEMPERATURE (F)   73        92      2009
 MINIMUM TEMPERATURE (F)   47        39      1978
                                             1963
                                             1961


SUNRISE AND SUNSET
APRIL 22 2018.........SUNRISE   620 AM PDT   SUNSET   749 PM PDT
APRIL 23 2018.........SUNRISE   619 AM PDT   SUNSET   750 PM PDT


-  INDICATES NEGATIVE NUMBERS.
R  INDICATES RECORD WAS SET OR TIED.
MM INDICATES DATA IS MISSING.
T  INDICATES TRACE AMOUNT.

&&
....................................................................

SACRAMENTO CITY CLIMATE DATA FOR SATURDAY APRIL 21 2018

HIGH...   84  RECORD HIGH    96 IN 1931    NORMAL    HIGH   74
LOW....   51  RECORD LOW     36 IN 1963    NORMAL    LOW    50

RAIN SINCE MIDNIGHT....  0.00   RECORD THIS DATE....... 3.09 IN 1880
TOTAL THIS MONTH.......  2.45   NORMAL SINCE OCT 1ST.........  18.62
TOTAL SINCE OCT 1ST.... 16.27   PERCENT OF NORMAL..............  87%

$$
