000
CDUS42 KCHS 262125
CLISAV


CLIMATE REPORT
NATIONAL WEATHER SERVICE CHARLESTON SC
524 PM EDT THU APR 26 2018


...................................

...THE SAVANNAH GA CLIMATE SUMMARY FOR APRIL 26 2018...
VALID TODAY AS OF 0500 PM LOCAL TIME.

CLIMATE NORMAL PERIOD 1981 TO 2010
CLIMATE RECORD PERIOD 1871 TO 2018


WEATHER ITEM   OBSERVED TIME   RECORD YEAR NORMAL DEPARTURE LAST
                VALUE   (LST)  VALUE       VALUE  FROM      YEAR
                                                  NORMAL
..................................................................
TEMPERATURE (F)
 TODAY
  MAXIMUM         81    249 PM  92    1989  80      1       86
  MINIMUM         55    515 AM  38    1910  56     -1       61
  AVERAGE         68                        68      0       74

PRECIPITATION (IN)
  TODAY            0.00          2.28 1973   0.09  -0.09     0.00
  MONTH TO DATE    4.33                      2.72   1.61     2.88
  SINCE MAR 1      5.55                      6.45  -0.90     3.38
  SINCE JAN 1      8.38                     12.93  -4.55    12.21

SNOWFALL (IN)
  TODAY            0.0                       0.0    0.0
  SINCE MAR 1      0.0                       T      0.0
  SINCE JUL 1      1.2                       0.3    0.9

DEGREE DAYS
 HEATING
  TODAY            0                         1     -1        0
  MONTH TO DATE   85                        72     13       19
  SINCE MAR 1    327                       282     45      212
  SINCE JUL 1   1602                      1799   -197     1022

 COOLING
  TODAY            3                         4     -1        9
  MONTH TO DATE   64                        75    -11      148
  SINCE MAR 1     96                       107    -11      223
  SINCE JAN 1    178                       117     61      281
..................................................................


WIND (MPH)
  HIGHEST WIND SPEED    13   HIGHEST WIND DIRECTION     W (270)
  HIGHEST GUST SPEED    20   HIGHEST GUST DIRECTION     W (250)
  AVERAGE WIND SPEED     5.8


SKY COVER
  POSSIBLE SUNSHINE  MM
  AVERAGE SKY COVER 0.5


WEATHER CONDITIONS
 THE FOLLOWING WEATHER WAS RECORDED TODAY.
  HAZE


RELATIVE HUMIDITY (PERCENT)
 HIGHEST    93           400 AM
 LOWEST     39           400 PM
 AVERAGE    66

..........................................................


THE SAVANNAH GA CLIMATE NORMALS FOR TOMORROW
                         NORMAL    RECORD    YEAR
 MAXIMUM TEMPERATURE (F)   80        95      1986
 MINIMUM TEMPERATURE (F)   56        42      2001


SUNRISE AND SUNSET
APRIL 26 2018.........SUNRISE   644 AM EDT   SUNSET   802 PM EDT
APRIL 27 2018.........SUNRISE   643 AM EDT   SUNSET   803 PM EDT


-  INDICATES NEGATIVE NUMBERS.
R  INDICATES RECORD WAS SET OR TIED.
MM INDICATES DATA IS MISSING.
T  INDICATES TRACE AMOUNT.




$$
