000
CDUS46 KLOX 220940
CLISDB


CLIMATE REPORT
NATIONAL WEATHER SERVICE LOS ANGELES/OXNARD CA
240 AM PDT SUN APR 22 2018


...................................

...THE SANDBERG CA CLIMATE SUMMARY FOR APRIL 21 2018...

CLIMATE NORMAL PERIOD 1981 TO 2010
CLIMATE RECORD PERIOD 1934 TO 2018


WEATHER ITEM   OBSERVED TIME   RECORD YEAR NORMAL DEPARTURE LAST
                VALUE   (LST)  VALUE       VALUE  FROM      YEAR
                                                  NORMAL
..................................................................
TEMPERATURE (F)
 YESTERDAY
  MAXIMUM         75    201 PM  83    2013  60     15       78
                                      2012
  MINIMUM         50    115 AM  22    1971  43      7       45
  AVERAGE         63                        51     12       62

PRECIPITATION (IN)
  YESTERDAY        0.00          0.70 1967   0.02  -0.02     0.00
  MONTH TO DATE    0.01                      0.49  -0.48     0.09
  SINCE OCT 1      6.67                     11.50  -4.83    12.69
  SINCE JAN 1      6.62                      7.87  -1.25     8.85

DEGREE DAYS
 HEATING
  YESTERDAY        2                        14    -12        3
  MONTH TO DATE  262                       331    -69      194
  SINCE MAR 1    851                       901    -50      525
  SINCE JUL 1   2450                      3660  -1210     2782

 COOLING
  YESTERDAY        0                         0      0        0
  MONTH TO DATE    0                         0      0        0
  SINCE MAR 1      0                         1     -1       16
  SINCE JAN 1      2                         1      1       16
..................................................................


WIND (MPH)
  HIGHEST WIND SPEED    23   HIGHEST WIND DIRECTION     N (340)
  HIGHEST GUST SPEED    29   HIGHEST GUST DIRECTION     N (340)
  AVERAGE WIND SPEED    10.9


SKY COVER
  POSSIBLE SUNSHINE  MM
  AVERAGE SKY COVER 0.0


WEATHER CONDITIONS
 THE FOLLOWING WEATHER WAS RECORDED YESTERDAY.
  NO SIGNIFICANT WEATHER WAS OBSERVED.


RELATIVE HUMIDITY (PERCENT)
 HIGHEST    47           900 PM
 LOWEST     16           100 PM
 AVERAGE    32

..........................................................


THE SANDBERG CA CLIMATE NORMALS FOR TODAY
                         NORMAL    RECORD    YEAR
 MAXIMUM TEMPERATURE (F)   60        84      2017
 MINIMUM TEMPERATURE (F)   43        25      1967


SUNRISE AND SUNSET
APRIL 22 2018.........SUNRISE   614 AM PDT   SUNSET   733 PM PDT
APRIL 23 2018.........SUNRISE   613 AM PDT   SUNSET   734 PM PDT


-  INDICATES NEGATIVE NUMBERS.
R  INDICATES RECORD WAS SET OR TIED.
MM INDICATES DATA IS MISSING.
T  INDICATES TRACE AMOUNT.




$$
