000
CDUS46 KMFR 240038
CLISIY


CLIMATE REPORT
NATIONAL WEATHER SERVICE MEDFORD, OR
537 PM PDT MON APR 23 2018


...................................

...THE MONTAGUE CA CLIMATE SUMMARY FOR APRIL 23 2018...
VALID TODAY AS OF 0500 PM LOCAL TIME.

CLIMATE NORMAL PERIOD 1981 TO 2010
CLIMATE RECORD PERIOD 1948 TO 2018


WEATHER ITEM   OBSERVED TIME   RECORD YEAR NORMAL DEPARTURE LAST
                VALUE   (LST)  VALUE       VALUE  FROM      YEAR
                                                  NORMAL
..................................................................
TEMPERATURE (F)
 TODAY
  MAXIMUM         75    359 PM  84    2012  63     12       60
  MINIMUM         38    614 AM  26    2007  35      3       33
                                      1958
  AVERAGE         57                        49      8       47

PRECIPITATION (IN)
  TODAY            0.00          0.65 1961   0.06  -0.06      T
  MONTH TO DATE    1.32                      1.09   0.23     0.91
  SINCE OCT 1      6.33                     14.44  -8.11    14.78
  SINCE JAN 1      4.06                      7.61  -3.55     6.57

SNOWFALL (IN)
  TODAY           MM                        MM     MM       MM
  MONTH TO DATE   MM                        MM     MM       MM
  SINCE JUL 1     MM                        MM     MM       MM
  SNOW DEPTH      MM

DEGREE DAYS
 HEATING
  TODAY            8                        16     -8       18
  MONTH TO DATE  393                       438    -45      447
  SINCE MAR 1   1102                      1120    -18     1056
  SINCE JUL 1   4918                      4997    -79     4953

 COOLING
  TODAY            0                         0      0        0
  MONTH TO DATE    0                         0      0        0
  SINCE MAR 1      0                         0      0        0
  SINCE JAN 1      0                         0      0        0
..................................................................


WIND (MPH)
  HIGHEST WIND SPEED    15   HIGHEST WIND DIRECTION     N (10)
  HIGHEST GUST SPEED    18   HIGHEST GUST DIRECTION    NW (320)
  AVERAGE WIND SPEED     6.2


SKY COVER
  POSSIBLE SUNSHINE  MM
  AVERAGE SKY COVER 0.0


WEATHER CONDITIONS
 THE FOLLOWING WEATHER WAS RECORDED TODAY.
  HAZE


RELATIVE HUMIDITY (PERCENT)
 HIGHEST    60           100 AM
 LOWEST     14           400 PM

..........................................................


THE MONTAGUE CA CLIMATE NORMALS FOR TOMORROW
                         NORMAL    RECORD    YEAR
 MAXIMUM TEMPERATURE (F)   64        85      1981
 MINIMUM TEMPERATURE (F)   35        24      1964


SUNRISE AND SUNSET
APRIL 23 2018.........SUNRISE   617 AM PDT   SUNSET   800 PM PDT
APRIL 24 2018.........SUNRISE   616 AM PDT   SUNSET   801 PM PDT


-  INDICATES NEGATIVE NUMBERS.
R  INDICATES RECORD WAS SET OR TIED.
MM INDICATES DATA IS MISSING.
T  INDICATES TRACE AMOUNT.




$$
