000
CDUS46 KLOX 212210
CLISMX


CLIMATE REPORT
NATIONAL WEATHER SERVICE LOS ANGELES/OXNARD CA
310 PM PDT SAT APR 21 2018


...................................

...THE SANTA MARIA AIRPORT CA CLIMATE SUMMARY FOR APRIL 21 2018...
VALID AS OF 0300 PM LOCAL TIME.

CLIMATE NORMAL PERIOD 1981 TO 2010
CLIMATE RECORD PERIOD 1906 TO 2018


WEATHER ITEM   OBSERVED TIME   RECORD YEAR NORMAL DEPARTURE LAST
                VALUE   (LST)  VALUE       VALUE  FROM      YEAR
                                                  NORMAL
..................................................................
TEMPERATURE (F)
 TODAY
  MAXIMUM         75   1151 AM  95    2009  68      7       85
  MINIMUM         46    606 AM  30    1920  44      2       52
  AVERAGE         61                        56      5       69

PRECIPITATION (IN)
  TODAY            0.00          0.98 1955   0.02  -0.02     0.00
  MONTH TO DATE    0.41                      0.77  -0.36     1.18
  SINCE OCT 1      6.01                     13.20  -7.19    18.10
  SINCE JAN 1      5.89                      9.15  -3.26    13.30

SNOWFALL (IN)
  TODAY            0.0
  MONTH TO DATE    0.0
  SINCE MAR 1      0.0
  SINCE JUL 1      0.0

DEGREE DAYS
 HEATING
  TODAY            4                         9     -5
  MONTH TO DATE  148                       205    -57
  SINCE MAR 1    457                       545    -88
  SINCE JUL 1   1573                      2378   -805

 COOLING
  TODAY            0                         0      0
  MONTH TO DATE    7                         0      7
  SINCE MAR 1      7                         1      6
  SINCE JAN 1      7                         2      5
..................................................................


WIND (MPH)
  HIGHEST WIND SPEED    16   HIGHEST WIND DIRECTION    NW (300)
  HIGHEST GUST SPEED    20   HIGHEST GUST DIRECTION     W (290)
  AVERAGE WIND SPEED     3.4


SKY COVER
  POSSIBLE SUNSHINE  MM
  AVERAGE SKY COVER 0.5


WEATHER CONDITIONS
 THE FOLLOWING WEATHER WAS RECORDED TODAY.
  FOG
  FOG W/VISIBILITY <= 1/4 MILE


RELATIVE HUMIDITY (PERCENT)
 HIGHEST   100           300 AM
 LOWEST     43          1200 PM
 AVERAGE    72

..........................................................


THE SANTA MARIA AIRPORT CA CLIMATE NORMALS FOR TOMORROW
                         NORMAL    RECORD    YEAR
 MAXIMUM TEMPERATURE (F)   68        88      1946
                                             1918
 MINIMUM TEMPERATURE (F)   45        32      1971
                                             1970
                                             1920


SUNRISE AND SUNSET
APRIL 21 2018.........SUNRISE   622 AM PDT   SUNSET   739 PM PDT
APRIL 22 2018.........SUNRISE   621 AM PDT   SUNSET   740 PM PDT


-  INDICATES NEGATIVE NUMBERS.
R  INDICATES RECORD WAS SET OR TIED.
MM INDICATES DATA IS MISSING.
T  INDICATES TRACE AMOUNT.




$$
