000
CDAK48 PAFC 240109
CLISNP


CLIMATE REPORT
NATIONAL WEATHER SERVICE ANCHORAGE, AK
509 PM AKDT MON APR 23 2018


...................................

...THE SAINT PAUL ISLAND CLIMATE SUMMARY FOR APRIL 23 2018...
VALID TODAY AS OF 0500 PM LOCAL TIME.

CLIMATE NORMAL PERIOD 1981 TO 2010
CLIMATE RECORD PERIOD 1892 TO 2018


WEATHER ITEM   OBSERVED TIME   RECORD YEAR NORMAL DEPARTURE LAST
                VALUE   (LST)  VALUE       VALUE  FROM      YEAR
                                                  NORMAL
..................................................................
TEMPERATURE (F)
 TODAY
  MAXIMUM         40        MM  45    1978  35      5       38
  MINIMUM         32        MM  -8    1976  27      5       33
  AVERAGE         36                        31      5       36

PRECIPITATION (IN)
  TODAY            0.10          0.31 1998   0.04   0.06     0.01
  MONTH TO DATE    1.50                      0.83   0.67     0.95
  SINCE MAR 1      3.87                      1.90   1.97     1.05
  SINCE JAN 1      6.85                      4.78   2.07     4.14

SNOWFALL (IN)
  TODAY            T            MM      MM   0.1   -0.1       T
  MONTH TO DATE    T                         4.8   -4.8      0.2
  SINCE MAR 1      4.1                      12.8   -8.7      0.6
  SINCE JUL 1     14.6                      57.8  -43.2     48.8
  SNOW DEPTH       0

DEGREE DAYS
 HEATING
  TODAY           29                        34     -5       29
  MONTH TO DATE  698                       841   -143      779
  SINCE MAR 1   1673                      2086   -413     1988
  SINCE JUL 1   7668                      9003  -1335     7863

 COOLING
  TODAY            0                         0      0        0
  MONTH TO DATE    0                         0      0        0
  SINCE MAR 1      0                         0      0        0
  SINCE JAN 1      0                         0      0        0
..................................................................


WIND (MPH)
  RESULTANT WIND SPEED  14   RESULTANT WIND DIRECTION   S (180)
  HIGHEST WIND SPEED    20   HIGHEST WIND DIRECTION     S (200)
  HIGHEST GUST SPEED    31   HIGHEST GUST DIRECTION     S (200)
  AVERAGE WIND SPEED    15.6



WEATHER CONDITIONS
 THE FOLLOWING WEATHER WAS RECORDED TODAY.
  LIGHT RAIN
  LIGHT SNOW
  FOG


..........................................................


THE SAINT PAUL ISLAND CLIMATE NORMALS FOR TOMORROW
                         NORMAL    RECORD    YEAR
 MAXIMUM TEMPERATURE (F)   35        46      2016
 MINIMUM TEMPERATURE (F)   27         2      1976


SUNRISE AND SUNSET
APRIL 23 2018.........SUNRISE   751 AM AKDT  SUNSET  1049 PM AKDT
APRIL 24 2018.........SUNRISE   748 AM AKDT  SUNSET  1051 PM AKDT


-  INDICATES NEGATIVE NUMBERS.
R  INDICATES RECORD WAS SET OR TIED.
MM INDICATES DATA IS MISSING.
T  INDICATES TRACE AMOUNT.




$$
