000
CDUS43 KILX 270635
CLISPI


CLIMATE REPORT
NATIONAL WEATHER SERVICE LINCOLN IL
131 AM CDT FRI APR 27 2018


...................................

...THE SPRINGFIELD IL CLIMATE SUMMARY FOR APRIL 26 2018...

CLIMATE NORMAL PERIOD 1981 TO 2010
CLIMATE RECORD PERIOD 1879 TO 2018


WEATHER ITEM   OBSERVED TIME   RECORD YEAR NORMAL DEPARTURE LAST
                VALUE   (LST)  VALUE       VALUE  FROM      YEAR
                                                  NORMAL
..................................................................
TEMPERATURE (F)
 YESTERDAY
  MAXIMUM         72    353 PM  89    1986  69      3       72
  MINIMUM         37    520 AM  32    1976  46     -9       60
  AVERAGE         55                        57     -2       66

PRECIPITATION (IN)
  YESTERDAY        0.00          1.76 1890   0.13  -0.13     0.55
  MONTH TO DATE    2.18                      2.99  -0.81     3.34
  SINCE MAR 1      6.54                      5.62   0.92     7.60
  SINCE JAN 1     11.26                      9.25   2.01     9.07

SNOWFALL (IN)
  YESTERDAY        0.0           0.0    MM   0.0    0.0      0.0
  MONTH TO DATE    4.8                       0.3    4.5      0.0
  SINCE MAR 1      4.8                       2.8    2.0      4.6
  SINCE JUL 1     11.8                      20.9   -9.1     10.3
  SNOW DEPTH       0

DEGREE DAYS
 HEATING
  YESTERDAY       10                         9      1        0
  MONTH TO DATE  484                       334    150      161
  SINCE MAR 1   1234                      1045    189      758
  SINCE JUL 1   5212                      5316   -104     4013

 COOLING
  YESTERDAY        0                         1     -1        1
  MONTH TO DATE   10                        15     -5       37
  SINCE MAR 1     10                        17     -7       37
  SINCE JAN 1     10                        17     -7       37
..................................................................


WIND (MPH)
  HIGHEST WIND SPEED    14   HIGHEST WIND DIRECTION    NW (330)
  HIGHEST GUST SPEED    19   HIGHEST GUST DIRECTION    NW (330)
  AVERAGE WIND SPEED     4.8


SKY COVER
  POSSIBLE SUNSHINE  MM
  AVERAGE SKY COVER 0.0


WEATHER CONDITIONS
 THE FOLLOWING WEATHER WAS RECORDED YESTERDAY.
  NO SIGNIFICANT WEATHER WAS OBSERVED.


RELATIVE HUMIDITY (PERCENT)
 HIGHEST    85           600 AM
 LOWEST     22           400 PM
 AVERAGE    54

..........................................................


THE SPRINGFIELD IL CLIMATE NORMALS FOR TODAY
                         NORMAL    RECORD    YEAR
 MAXIMUM TEMPERATURE (F)   69        87      1984
                                             1981
 MINIMUM TEMPERATURE (F)   46        33      1968
                                             1946
                                             1928


SUNRISE AND SUNSET
APRIL 27 2018.........SUNRISE   604 AM CDT   SUNSET   749 PM CDT
APRIL 28 2018.........SUNRISE   603 AM CDT   SUNSET   750 PM CDT


-  INDICATES NEGATIVE NUMBERS.
R  INDICATES RECORD WAS SET OR TIED.
MM INDICATES DATA IS MISSING.
T  INDICATES TRACE AMOUNT.




$$
