000
CDUS41 KBGM 261128
CLISYR


CLIMATE REPORT
NATIONAL WEATHER SERVICE BINGHAMTON NY
726 AM EDT THU APR 26 2018


...................................

...THE SYRACUSE NY CLIMATE SUMMARY FOR APRIL 24 2018...

CLIMATE NORMAL PERIOD 1981 TO 2010
CLIMATE RECORD PERIOD 1902 TO 2018


WEATHER ITEM   OBSERVED TIME   RECORD YEAR NORMAL DEPARTURE LAST
                VALUE   (LST)  VALUE       VALUE  FROM      YEAR
                                                  NORMAL
..................................................................
TEMPERATURE (F)
 YESTERDAY
  MAXIMUM         72    200 PM  81    1960  61     11       70
  MINIMUM         46    531 AM  23    1919  40      6       37
  AVERAGE         59                        50      9       54

PRECIPITATION (IN)
  YESTERDAY        T             0.74 1966   0.10  -0.10     0.00
  MONTH TO DATE    1.65                      2.58  -0.93     4.61
  SINCE MAR 1      5.51                      5.53  -0.02     8.46
  SINCE JAN 1     11.58                     10.10   1.48    15.04

SNOWFALL (IN)
  YESTERDAY        0.0           0.8  1971   0.0    0.0      0.0
  MONTH TO DATE    2.5                       3.5   -1.0      0.3
  SINCE MAR 1     46.1                      21.5   24.6     31.2
  SINCE JUL 1    153.6                     123.4   30.2    134.9
  SNOW DEPTH       0

DEGREE DAYS
 HEATING
  YESTERDAY        6                        15     -9       11
  MONTH TO DATE  648                       466    182      385
  SINCE MAR 1   1698                      1423    275     1457
  SINCE JUL 1   6365                      6254    111     5726

 COOLING
  YESTERDAY        0                         0      0        0
  MONTH TO DATE    0                         0      0        8
  SINCE MAR 1      0                         0      0        8
  SINCE JAN 1      0                         0      0        8
..................................................................


WIND (MPH)
  HIGHEST WIND SPEED    18   HIGHEST WIND DIRECTION     S (190)
  HIGHEST GUST SPEED    26   HIGHEST GUST DIRECTION     S (160)
  AVERAGE WIND SPEED    10.3


SKY COVER
  POSSIBLE SUNSHINE  MM
  AVERAGE SKY COVER 0.8


WEATHER CONDITIONS
 THE FOLLOWING WEATHER WAS RECORDED YESTERDAY.
  LIGHT RAIN


RELATIVE HUMIDITY (PERCENT)
 HIGHEST    58           500 AM
 LOWEST     18          1100 AM
 AVERAGE    38

..........................................................


THE SYRACUSE NY CLIMATE NORMALS FOR TODAY
                         NORMAL    RECORD    YEAR
 MAXIMUM TEMPERATURE (F)   62        88      2009
 MINIMUM TEMPERATURE (F)   40        19      1919


SUNRISE AND SUNSET
APRIL 25 2018.........SUNRISE   607 AM EDT   SUNSET   759 PM EDT
APRIL 26 2018.........SUNRISE   605 AM EDT   SUNSET   800 PM EDT


-  INDICATES NEGATIVE NUMBERS.
R  INDICATES RECORD WAS SET OR TIED.
MM INDICATES DATA IS MISSING.
T  INDICATES TRACE AMOUNT.




$$
