000
CDKA40 PTYA 241600
CLIT11
DAILY CLIMATE REPORT
NATIONAL WEATHER SERVICE YAP FM
2AM LST WED APR 25 2018
THE YAP FM CLIMATE SUMMARY FOR APRIL 24 2018
CLIMATE NORMAL PERIOD  1981  TO 2010
CLIMATE RECORD PERIOD  1951  TO 2017
WEATHER ITEM OBSERVED TIME  RECORD YEAR NORMAL DEPARTURE LAST
              VALUE   (LST) VALUE       VALUE    FROM    YEAR
                                                NORMAL
TEMPERATURE   (F)
YESTERDAY
MAXIMUM       88  1245        97  2014     89     -1        86
MINIMUM       80  0545        63  1999     78      2        79
AVERAGE       84                           84      0        83
PRECIPITATION INCHES
YESTERDAY        T           164.24/1996   0.21    -0.21    0.11
MONTH TO DATE   3.80                       4.46    -0.66    4.41
SINCE 01 MAR   16.09                       9.80     6.29    13.76
SINCE JAN 01   36.17                      23.09    13.08    45.62
