000
CDUS44 KBMX 262133
CLITCL


CLIMATE REPORT
NATIONAL WEATHER SERVICE BIRMINGHAM, AL
432 PM CDT SAT MAY 26 2018


...................................

...THE TUSCALOOSA CLIMATE SUMMARY FOR MAY 26 2018...
VALID TODAY AS OF 0400 PM LOCAL TIME.

CLIMATE NORMAL PERIOD 1981 TO 2010
CLIMATE RECORD PERIOD 1948 TO 2018


WEATHER ITEM   OBSERVED TIME   RECORD YEAR NORMAL DEPARTURE LAST
                VALUE   (LST)  VALUE       VALUE  FROM      YEAR
                                                  NORMAL
..................................................................
TEMPERATURE (F)
 TODAY
  MAXIMUM         88    249 PM  95    2012  86      2       87
                                      1996
  MINIMUM         70    529 AM  46    1979  63      7       56
  AVERAGE         79                        74      5       72

PRECIPITATION (IN)
  TODAY            0.00          1.68 1973   0.12  -0.12     0.00
  MONTH TO DATE    2.88                      3.33  -0.45     3.37
  SINCE MAR 1     14.73                     12.08   2.65    14.66
  SINCE JAN 1     26.53                     22.75   3.78    25.87

DEGREE DAYS
 COOLING
  TODAY           14                         9      5
  MONTH TO DATE  289                       173    116
  SINCE MAR 1    342                       256     86
  SINCE JAN 1    396                       261    135
..................................................................


WIND (MPH)
  HIGHEST WIND SPEED     9   HIGHEST WIND DIRECTION     S (170)
  HIGHEST GUST SPEED    12   HIGHEST GUST DIRECTION     S (170)
  AVERAGE WIND SPEED     3.0


SKY COVER
  AVERAGE SKY COVER 0.6


WEATHER CONDITIONS
 THE FOLLOWING WEATHER WAS RECORDED TODAY.
  FOG


RELATIVE HUMIDITY (PERCENT)
 HIGHEST   100           300 AM
 LOWEST     53           300 PM
 AVERAGE    77

..........................................................


THE TUSCALOOSA CLIMATE NORMALS FOR TOMORROW
                         NORMAL    RECORD    YEAR
 MAXIMUM TEMPERATURE (F)   86        97      1964
 MINIMUM TEMPERATURE (F)   63        44      1961


SUNRISE AND SUNSET
MAY 26 2018...........SUNRISE   544 AM CDT   SUNSET   751 PM CDT
MAY 27 2018...........SUNRISE   544 AM CDT   SUNSET   752 PM CDT


-  INDICATES NEGATIVE NUMBERS.
R  INDICATES RECORD WAS SET OR TIED.
MM INDICATES DATA IS MISSING.
T  INDICATES TRACE AMOUNT.




$$
