000
CDUS44 KBMX 250738
CLITOI


CLIMATE REPORT
NATIONAL WEATHER SERVICE BIRMINGHAM, AL
237 AM CDT WED APR 25 2018


...................................

...THE TROY CLIMATE SUMMARY FOR APRIL 24 2018...

CLIMATE NORMAL PERIOD 1981 TO 2010
CLIMATE RECORD PERIOD 9999 TO 9999


WEATHER ITEM   OBSERVED TIME   RECORD YEAR NORMAL DEPARTURE LAST
                VALUE   (LST)  VALUE       VALUE  FROM      YEAR
                                                  NORMAL
..................................................................
TEMPERATURE (F)
 YESTERDAY
  MAXIMUM         68    221 PM  MM      MM  79    -11       72
  MINIMUM         50    232 AM  MM      MM  52     -2       53
  AVERAGE         59                        65     -6       63

PRECIPITATION (IN)
  YESTERDAY        0.00                      0.09  -0.09     0.00
  MONTH TO DATE    3.30                      3.48  -0.18     1.71
  SINCE MAR 1      6.21                      9.51  -3.30     4.20
  SINCE JAN 1     11.47                     18.64  -7.17    22.83

SNOWFALL (IN)
  YESTERDAY        0.0                      MM     MM        0.0
  MONTH TO DATE    0.0                      MM     MM        0.0
  SINCE MAR 1      0.0                      MM     MM        0.0
  SINCE JUL 1      T                        MM     MM        0.0
  SNOW DEPTH       0

DEGREE DAYS
 HEATING
  YESTERDAY        6                         2      4        2
  MONTH TO DATE  119                       102     17       43
  SINCE MAR 1    412                       384     28      260
  SINCE JUL 1   2067                      2303   -236     1421

 COOLING
  YESTERDAY        0                         2     -2        0
  MONTH TO DATE   26                        39    -13       77
  SINCE MAR 1     54                        53      1      129
  SINCE JAN 1    112                        58     54      151
..................................................................


WIND (MPH)
  HIGHEST WIND SPEED    18   HIGHEST WIND DIRECTION    NW (300)
  HIGHEST GUST SPEED    24   HIGHEST GUST DIRECTION     W (280)
  AVERAGE WIND SPEED     4.2


SKY COVER
  AVERAGE SKY COVER 0.4


WEATHER CONDITIONS
 THE FOLLOWING WEATHER WAS RECORDED YESTERDAY.
  FOG


RELATIVE HUMIDITY (PERCENT)
 HIGHEST   100           100 AM
 LOWEST     68           200 PM
 AVERAGE    84

..........................................................


THE TROY CLIMATE NORMALS FOR TODAY
                         NORMAL    RECORD    YEAR
 MAXIMUM TEMPERATURE (F)   79        MM        MM
 MINIMUM TEMPERATURE (F)   52        MM        MM


SUNRISE AND SUNSET
APRIL 25 2018.........SUNRISE   604 AM CDT   SUNSET   720 PM CDT
APRIL 26 2018.........SUNRISE   603 AM CDT   SUNSET   721 PM CDT


-  INDICATES NEGATIVE NUMBERS.
R  INDICATES RECORD WAS SET OR TIED.
MM INDICATES DATA IS MISSING.
T  INDICATES TRACE AMOUNT.




$$
