000
CDUS45 KLKN 200928
CLITPH


CLIMATE REPORT
NATIONAL WEATHER SERVICE ELKO NV
228 AM PDT FRI APR 20 2018


...................................

...THE TONOPAH AIRPORT NV CLIMATE SUMMARY FOR APRIL 19 2018...

CLIMATE NORMAL PERIOD 1981 TO 2010
CLIMATE RECORD PERIOD 1954 TO 2018


WEATHER ITEM   OBSERVED TIME   RECORD YEAR NORMAL DEPARTURE LAST
                VALUE   (LST)  VALUE       VALUE  FROM      YEAR
                                                  NORMAL
..................................................................
TEMPERATURE (F)
 YESTERDAY
  MAXIMUM         48    211 PM  84    1989  65    -17       65
  MINIMUM         33    920 AM  18    2007  35     -2       30
  AVERAGE         41                        50     -9       48

PRECIPITATION (IN)
  YESTERDAY        T             0.42 1964   0.02  -0.02     0.00
  MONTH TO DATE    T                         0.28  -0.28     0.17
  SINCE OCT 1      0.73                      2.95  -2.22     1.99
  SINCE JAN 1      0.72                      1.86  -1.14     1.46

DEGREE DAYS
 HEATING
  YESTERDAY       24                        15      9       17
  MONTH TO DATE  260                       325    -65      282
  SINCE MAR 1    984                      1010    -26      813
  SINCE JUL 1   4564                      5052   -488     4678

 COOLING
  YESTERDAY        0                         0      0        0
  MONTH TO DATE    0                         0      0        0
  SINCE MAR 1      0                         0      0        0
  SINCE JAN 1      0                         0      0        0
..................................................................


WIND (MPH)
  HIGHEST WIND SPEED    39   HIGHEST WIND DIRECTION    NW (330)
  HIGHEST GUST SPEED    46   HIGHEST GUST DIRECTION    NW (320)
  AVERAGE WIND SPEED    24.2



WEATHER CONDITIONS
 THE FOLLOWING WEATHER WAS RECORDED YESTERDAY.
  LIGHT RAIN
  HEAVY SNOW
  LIGHT SNOW
  FOG
  FOG W/VISIBILITY <= 1/4 MILE


RELATIVE HUMIDITY (PERCENT)
 HIGHEST    89          1000 AM
 LOWEST     21          1200 AM
 AVERAGE    55

..........................................................


THE TONOPAH AIRPORT NV CLIMATE NORMALS FOR TODAY
                         NORMAL    RECORD    YEAR
 MAXIMUM TEMPERATURE (F)   66        83      1994
 MINIMUM TEMPERATURE (F)   36        16      1966


SUNRISE AND SUNSET
APRIL 20 2018.........SUNRISE   606 AM PDT   SUNSET   729 PM PDT
APRIL 21 2018.........SUNRISE   605 AM PDT   SUNSET   730 PM PDT


-  INDICATES NEGATIVE NUMBERS.
R  INDICATES RECORD WAS SET OR TIED.
MM INDICATES DATA IS MISSING.
T  INDICATES TRACE AMOUNT.




$$
