000
CDUS44 KTSA 240649
CLITUL

CLIMATE REPORT
NATIONAL WEATHER SERVICE TULSA OK
146 AM CDT THU MAY 24 2018


...................................

...THE TULSA OKLAHOMA CLIMATE SUMMARY FOR MAY 23 2018...

CLIMATE NORMAL PERIOD 1981 TO 2010
CLIMATE RECORD PERIOD 1882 TO 2018


WEATHER ITEM   OBSERVED TIME   RECORD YEAR NORMAL DEPARTURE LAST
                VALUE   (LST)  VALUE       VALUE  FROM      YEAR
                                                  NORMAL
..................................................................
TEMPERATURE (F)
 YESTERDAY
  MAXIMUM         89    211 PM  94    2000  81      8       72
  MINIMUM         67    526 AM  41    1917  61      6       55
  AVERAGE         78                        71      7       64

PRECIPITATION (IN)
  YESTERDAY        0.63          3.36 2015   0.20   0.43      T
  MONTH TO DATE    2.33                      4.40  -2.07     5.88
  SINCE MAR 1      7.40                     11.48  -4.08    18.09
  SINCE JAN 1     12.48                     14.99  -2.51    22.69

DEGREE DAYS
 COOLING
  YESTERDAY       13                         7      6        0
  MONTH TO DATE  250                       107    143       96
  SINCE MAR 1    274                       171    103      200
  SINCE JAN 1    279                       172    107      216
..................................................................


WIND (MPH)
  HIGHEST WIND SPEED    36   HIGHEST WIND DIRECTION     N (20)
  HIGHEST GUST SPEED    52   HIGHEST GUST DIRECTION    NE (30)
  AVERAGE WIND SPEED     6.2


SKY COVER
  POSSIBLE SUNSHINE  MM
  AVERAGE SKY COVER 0.7


WEATHER CONDITIONS
 THE FOLLOWING WEATHER WAS RECORDED YESTERDAY.
  THUNDERSTORM
  HEAVY RAIN
  RAIN
  LIGHT RAIN
  FOG
  HAZE


RELATIVE HUMIDITY (PERCENT)
 HIGHEST    90           100 AM
 LOWEST     55           200 PM
 AVERAGE    73

..........................................................


THE TULSA OKLAHOMA CLIMATE NORMALS FOR TODAY
                         NORMAL    RECORD    YEAR
 MAXIMUM TEMPERATURE (F)   81        94      1911
 MINIMUM TEMPERATURE (F)   62        42      1935


SUNRISE AND SUNSET
MAY 24 2018...........SUNRISE   611 AM CDT   SUNSET   830 PM CDT
MAY 25 2018...........SUNRISE   611 AM CDT   SUNSET   831 PM CDT


-  INDICATES NEGATIVE NUMBERS.
R  INDICATES RECORD WAS SET OR TIED.
MM INDICATES DATA IS MISSING.
T  INDICATES TRACE AMOUNT.




$$

&&
...........................................................

THE TULSA PRECIPITATION NORMALS FOR TODAY
                       NORMAL    RECORD      YEAR
  TODAY                 0.19      3.16       1908
  MONTH TO DATE         4.59
  YEAR TO DATE         15.18
...........................................................
ALL DATA MEASURED AT THE TULSA INTERNATIONAL AIRPORT...
EXCEPT SNOWFALL...WHICH IS MEASURED AT THE NWS OFFICE.
