311
CDUS43 KAPX 250526
CLITVC


CLIMATE REPORT
NATIONAL WEATHER SERVICE GAYLORD MI
126 AM EDT WED APR 25 2018


...................................

...THE TRAVERSE CITY MI CLIMATE SUMMARY FOR APRIL 24 2018...

CLIMATE NORMAL PERIOD 1981 TO 2010
CLIMATE RECORD PERIOD 1896 TO 2018


WEATHER ITEM   OBSERVED TIME   RECORD YEAR NORMAL DEPARTURE LAST
                VALUE   (LST)  VALUE       VALUE  FROM      YEAR
                                                  NORMAL
..................................................................
TEMPERATURE (F)
 YESTERDAY
  MAXIMUM         65    217 PM  85    1990  58      7       68
  MINIMUM         37    224 AM  22    2015  35      2       31
                                      1969
  AVERAGE         51                        46      5       50

PRECIPITATION (IN)
  YESTERDAY        T             0.80 1925   0.09  -0.09     0.00
  MONTH TO DATE    3.12                      2.25   0.87     2.34
  SINCE MAR 1      3.92                      4.11  -0.19     4.07
  SINCE JAN 1      6.33                      8.43  -2.10     7.40

DEGREE DAYS
 HEATING
  YESTERDAY       14                        19     -5       15
  MONTH TO DATE  763                       559    204      424
  SINCE MAR 1   1826                      1621    205     1457
  SINCE JUL 1   6729                      6961   -232     5630

 COOLING
  YESTERDAY        0                         0      0        0
  MONTH TO DATE    0                         0      0        2
  SINCE MAR 1      0                         0      0        2
  SINCE JAN 1      0                         0      0        2
..................................................................


WIND (MPH)
  HIGHEST WIND SPEED    15   HIGHEST WIND DIRECTION     N (350)
  HIGHEST GUST SPEED    20   HIGHEST GUST DIRECTION     N (360)
  AVERAGE WIND SPEED     4.1




RELATIVE HUMIDITY (PERCENT)
 HIGHEST    85
 LOWEST     50
 AVERAGE    68

..........................................................


THE TRAVERSE CITY MI CLIMATE NORMALS FOR TODAY
                         NORMAL    RECORD    YEAR
 MAXIMUM TEMPERATURE (F)   58        88      1939
 MINIMUM TEMPERATURE (F)   35        20      1967


SUNRISE AND SUNSET
APRIL 25 2018.........SUNRISE   641 AM EDT   SUNSET   840 PM EDT
APRIL 26 2018.........SUNRISE   640 AM EDT   SUNSET   841 PM EDT


-  INDICATES NEGATIVE NUMBERS.
R  INDICATES RECORD WAS SET OR TIED.
MM INDICATES DATA IS MISSING.
T  INDICATES TRACE AMOUNT.




$$
